[Tue May 27 14:30:46.751640 2025] [authz_core:error] [pid 1128718:tid 1128927] [client 45.134.212.80:43358] AH01630: client denied by server configuration: /home/finest09/public_html/error_log
[Tue May 27 14:30:47.013345 2025] [proxy_fcgi:error] [pid 1128717:tid 1128975] [client 185.65.135.197:60900] AH01071: Got error 'Primary script unknown', referer: https://50.6.194.225:443/admin/
[Tue May 27 14:30:47.100535 2025] [cgid:error] [pid 1128716:tid 1128928] [client 193.19.207.226:42372] AH01265: stderr from /home/finest09/public_html/cgi-bin/: attempt to invoke directory as script
[Tue May 27 14:30:47.194903 2025] [authz_core:error] [pid 1128717:tid 1128975] [client 185.65.135.197:60900] AH01630: client denied by server configuration: /home/finest09/public_html/error_log
[Tue May 27 14:30:47.286213 2025] [authz_core:error] [pid 1128714:tid 1128854] [client 194.110.115.3:41402] AH01630: client denied by server configuration: /home/finest09/public_html/classes/error_log
[Tue May 27 14:30:47.689163 2025] [authz_core:error] [pid 1128714:tid 1128854] [client 194.110.115.3:41402] AH01630: client denied by server configuration: /home/finest09/public_html/error_log
[Tue May 27 14:30:49.499923 2025] [authz_core:error] [pid 1128716:tid 1128928] [client 193.19.207.226:42372] AH01630: client denied by server configuration: /home/finest09/public_html/classes/error_log
[Tue May 27 14:30:49.653073 2025] [authz_core:error] [pid 1128717:tid 1128975] [client 185.65.135.197:60900] AH01630: client denied by server configuration: /home/finest09/public_html/classes/error_log
[Tue May 27 14:30:49.918361 2025] [authz_core:error] [pid 1128717:tid 1128975] [client 185.65.135.197:60900] AH01630: client denied by server configuration: /home/finest09/public_html/classes/error_log
[Tue May 27 14:30:50.115889 2025] [authz_core:error] [pid 1128717:tid 1128975] [client 185.65.135.197:60900] AH01630: client denied by server configuration: /home/finest09/public_html/classes/error_log
[Tue May 27 14:30:50.209443 2025] [authz_core:error] [pid 1128716:tid 1128934] [client 185.65.135.197:60918] AH01630: client denied by server configuration: /home/finest09/public_html/error_log
[Tue May 27 14:30:50.706936 2025] [authz_core:error] [pid 1128715:tid 1128913] [client 193.19.207.226:42388] AH01630: client denied by server configuration: /home/finest09/public_html/htdocs/error_log
[Tue May 27 14:30:51.291136 2025] [authz_core:error] [pid 1128714:tid 1128854] [client 194.110.115.3:41402] AH01630: client denied by server configuration: /home/finest09/public_html/htdocs/error_log
[Tue May 27 14:30:51.903436 2025] [authz_core:error] [pid 1128717:tid 1128975] [client 185.65.135.197:60900] AH01630: client denied by server configuration: /home/finest09/public_html/htdocs/error_log
[Tue May 27 14:30:53.518793 2025] [authz_core:error] [pid 1128717:tid 1128975] [client 185.65.135.197:60900] AH01630: client denied by server configuration: /home/finest09/public_html/error_log
[Tue May 27 14:30:53.590276 2025] [authz_core:error] [pid 1128714:tid 1128854] [client 194.110.115.3:41402] AH01630: client denied by server configuration: /home/finest09/public_html/htdocs/error_log
[Tue May 27 14:30:55.217346 2025] [authz_core:error] [pid 1128717:tid 1128975] [client 185.65.135.197:60900] AH01630: client denied by server configuration: /home/finest09/public_html/error_log
[Tue May 27 14:30:55.265594 2025] [authz_core:error] [pid 1128716:tid 1128934] [client 185.65.135.197:60918] AH01630: client denied by server configuration: /home/finest09/public_html/error_log
[Tue May 27 14:31:05.203412 2025] [authz_core:error] [pid 1128716:tid 1128929] [client 185.65.135.197:49260] AH01630: client denied by server configuration: /home/finest09/public_html/classes/error_log
[Tue May 27 14:31:18.403687 2025] [authz_core:error] [pid 1128716:tid 1128929] [client 185.65.135.197:49260] AH01630: client denied by server configuration: /home/finest09/public_html/classes/error_log
[Tue May 27 14:31:19.572225 2025] [authz_core:error] [pid 1128718:tid 1128923] [client 45.84.107.172:8194] AH01630: client denied by server configuration: /home/finest09/public_html/classes/error_log
[Tue May 27 14:31:22.850078 2025] [authz_core:error] [pid 1128717:tid 1128966] [client 45.90.185.105:46450] AH01630: client denied by server configuration: /home/finest09/public_html/classes/error_log
[Tue May 27 14:40:39.456590 2025] [authz_core:error] [pid 1128718:tid 1128942] [client 205.210.31.237:60056] AH01630: client denied by server configuration: /home/finest09/public_html/error_log
[Tue May 27 14:44:29.206229 2025] [authz_core:error] [pid 1128716:tid 1128883] [client 45.84.107.76:55960] AH01630: client denied by server configuration: /home/finest09/public_html/error_log
[Tue May 27 15:10:51.049202 2025] [proxy_fcgi:error] [pid 1128718:tid 1128956] [client 114.119.135.78:30445] AH01071: Got error 'Primary script unknown', referer: http://mail.finestweddingsites.com/classes/shell.php?path=/home/finest09/public_html/WebInterface&del=/home/finest09/public_html/WebInterface/Web.swf
[Tue May 27 16:50:46.445379 2025] [authz_core:error] [pid 1128716:tid 1128878] [client 23.105.8.186:35386] AH01630: client denied by server configuration: /home/finest09/public_html/error_log
[Tue May 27 17:43:10.979093 2025] [proxy_fcgi:error] [pid 1128718:tid 1128944] [client 31.57.219.72:63311] AH01071: Got error 'Primary script unknown'
[Tue May 27 18:14:54.643990 2025] [proxy_fcgi:error] [pid 1128716:tid 1128933] (70007)The timeout specified has expired: [client 52.70.209.13:23929] AH01075: Error dispatching request to : (polling)
[Tue May 27 18:37:06 2025] test_upload.cgi: Can't locate XUploadConfig.pm in @INC (you may need to install the XUploadConfig module) (@INC contains: /usr/local/lib64/perl5/5.32 /usr/local/share/perl5/5.32 /usr/lib64/perl5/vendor_perl /usr/share/perl5/vendor_perl /usr/lib64/perl5 /usr/share/perl5) at test_upload.cgi line 8.
[Tue May 27 18:37:06 2025] test_upload.cgi: BEGIN failed--compilation aborted at test_upload.cgi line 8.
[Tue May 27 19:23:45.709245 2025] [proxy_fcgi:error] [pid 1128716:tid 1128937] [client 114.119.158.143:43235] AH01071: Got error 'Primary script unknown', referer: http://mail.finestweddingsites.com/classes/shell.php?path=/home/finest09/public_html&del=/home/finest09/public_html/t.php
[Tue May 27 19:30:00.030219 2025] [proxy_fcgi:error] [pid 1128716:tid 1128886] [client 114.119.158.143:43237] AH01071: Got error 'Primary script unknown', referer: http://mail.finestweddingsites.com/classes/shell.php?path=/home/finest09/public_html/cgi-bin&edit=/home/finest09/public_html/cgi-bin/logs.txt
[Tue May 27 20:20:09.163150 2025] [proxy_fcgi:error] [pid 1128716:tid 1128882] [client 114.119.129.81:64687] AH01071: Got error 'Primary script unknown', referer: http://mail.finestweddingsites.com/classes/shell.php?path=/home/finest09/public_html/classes&del=/home/finest09/public_html/classes/class-badwords.php
[Tue May 27 20:40:10.770589 2025] [proxy_fcgi:error] [pid 1128718:tid 1128958] [client 217.182.195.176:60402] AH01071: Got error 'Primary script unknown'
[Tue May 27 20:40:12.657190 2025] [proxy_fcgi:error] [pid 1128714:tid 1128856] [client 217.182.195.176:60412] AH01071: Got error 'Primary script unknown'
[Tue May 27 20:40:14.321715 2025] [proxy_fcgi:error] [pid 1128715:tid 1128904] [client 217.182.195.176:60424] AH01071: Got error 'Primary script unknown'
[Tue May 27 20:40:15.966314 2025] [proxy_fcgi:error] [pid 1128716:tid 1128882] [client 217.182.195.176:44446] AH01071: Got error 'Primary script unknown'
[Tue May 27 20:40:17.810336 2025] [proxy_fcgi:error] [pid 1128717:tid 1128971] [client 217.182.195.176:44452] AH01071: Got error 'Primary script unknown'
[Tue May 27 20:40:19.675371 2025] [proxy_fcgi:error] [pid 1128718:tid 1128943] [client 217.182.195.176:44462] AH01071: Got error 'Primary script unknown'
[Tue May 27 20:40:21.375622 2025] [proxy_fcgi:error] [pid 1128714:tid 1128853] [client 217.182.195.176:44468] AH01071: Got error 'Primary script unknown'
[Tue May 27 20:40:23.140478 2025] [proxy_fcgi:error] [pid 1128715:tid 1128903] [client 217.182.195.176:44484] AH01071: Got error 'Primary script unknown'
[Tue May 27 20:40:26.722985 2025] [proxy_fcgi:error] [pid 1128717:tid 1128970] [client 217.182.195.176:42832] AH01071: Got error 'Primary script unknown'
[Tue May 27 20:40:28.543041 2025] [proxy_fcgi:error] [pid 1128718:tid 1128952] [client 217.182.195.176:42846] AH01071: Got error 'Primary script unknown'
[Tue May 27 20:40:30.172381 2025] [proxy_fcgi:error] [pid 1128714:tid 1128854] [client 217.182.195.176:42862] AH01071: Got error 'Primary script unknown'
[Tue May 27 20:40:31.860103 2025] [proxy_fcgi:error] [pid 1128715:tid 1128913] [client 217.182.195.176:42872] AH01071: Got error 'Primary script unknown'
[Tue May 27 20:40:33.703506 2025] [proxy_fcgi:error] [pid 1128716:tid 1128877] [client 217.182.195.176:42884] AH01071: Got error 'Primary script unknown'
[Tue May 27 20:40:35.548552 2025] [proxy_fcgi:error] [pid 1128717:tid 1128976] [client 217.182.195.176:42886] AH01071: Got error 'Primary script unknown'
[Tue May 27 20:40:37.301017 2025] [proxy_fcgi:error] [pid 1128714:tid 1128857] [client 217.182.195.176:58344] AH01071: Got error 'Primary script unknown'
[Tue May 27 20:40:39.417611 2025] [proxy_fcgi:error] [pid 1128715:tid 1128911] [client 217.182.195.176:58358] AH01071: Got error 'Primary script unknown'
[Tue May 27 20:40:41.933699 2025] [proxy_fcgi:error] [pid 1128716:tid 1128938] [client 217.182.195.176:58370] AH01071: Got error 'Primary script unknown'
[Tue May 27 20:40:43.606686 2025] [proxy_fcgi:error] [pid 1128717:tid 1128965] [client 217.182.195.176:58378] AH01071: Got error 'Primary script unknown'
[Tue May 27 22:00:31.712213 2025] [authz_core:error] [pid 1128717:tid 1128967] [client 47.237.115.100:48750] AH01630: client denied by server configuration: /home/finest09/public_html/error_log
[Tue May 27 22:14:00.626536 2025] [authz_core:error] [pid 1128718:tid 1128925] [client 185.247.137.177:52725] AH01630: client denied by server configuration: /home/finest09/public_html/error_log
[Tue May 27 22:30:15.050272 2025] [authz_core:error] [pid 1128717:tid 1128900] [client 104.248.186.71:52876] AH01630: client denied by server configuration: /home/finest09/public_html/error_log
[Tue May 27 22:30:15.113853 2025] [authz_core:error] [pid 1128717:tid 1128900] [client 104.248.186.71:52876] AH01630: client denied by server configuration: /home/finest09/public_html/error_log
[Tue May 27 22:30:15.177463 2025] [authz_core:error] [pid 1128718:tid 1128944] [client 104.248.186.71:52906] AH01630: client denied by server configuration: /home/finest09/public_html/error_log
[Tue May 27 22:30:15.178624 2025] [authz_core:error] [pid 1128715:tid 1128906] [client 104.248.186.71:52952] AH01630: client denied by server configuration: /home/finest09/public_html/error_log
[Tue May 27 22:30:15.181223 2025] [authz_core:error] [pid 1128716:tid 1128934] [client 104.248.186.71:52938] AH01630: client denied by server configuration: /home/finest09/public_html/error_log
[Tue May 27 22:30:15.233365 2025] [cgid:error] [pid 1128717:tid 1128896] [client 104.248.186.71:52934] AH01265: stderr from /home/finest09/public_html/cgi-bin/: attempt to invoke directory as script
[Tue May 27 22:30:15.239833 2025] [authz_core:error] [pid 1128715:tid 1128906] [client 104.248.186.71:52952] AH01630: client denied by server configuration: /home/finest09/public_html/classes/error_log
[Tue May 27 22:30:15.242214 2025] [proxy_fcgi:error] [pid 1128714:tid 1128862] [client 104.248.186.71:52910] AH01071: Got error 'Primary script unknown', referer: http://mail.finestweddingsites.com/admin/
[Tue May 27 22:30:15.299610 2025] [authz_core:error] [pid 1128718:tid 1128944] [client 104.248.186.71:52906] AH01630: client denied by server configuration: /home/finest09/public_html/htdocs/error_log
[Tue May 27 23:57:06.917525 2025] [authz_core:error] [pid 1128715:tid 1128910] [client 47.245.117.221:39008] AH01630: client denied by server configuration: /home/finest09/public_html/error_log
[Tue May 27 23:57:07.629248 2025] [authz_core:error] [pid 1128715:tid 1128910] [client 47.245.117.221:39008] AH01630: client denied by server configuration: /home/finest09/public_html/error_log
[Tue May 27 23:57:07.869483 2025] [authz_core:error] [pid 1128715:tid 1128910] [client 47.245.117.221:39008] AH01630: client denied by server configuration: /home/finest09/public_html/error_log
[Tue May 27 23:57:10.777204 2025] [authz_core:error] [pid 1128715:tid 1128910] [client 47.245.117.221:39008] AH01630: client denied by server configuration: /home/finest09/public_html/error_log
[Wed May 28 00:03:43.411018 2025] [authz_core:error] [pid 1128714:tid 1128868] [client 3.137.73.221:42080] AH01630: client denied by server configuration: /home/finest09/public_html/error_log
[Wed May 28 00:15:05.805184 2025] [authz_core:error] [pid 1128714:tid 1128854] [client 185.242.226.75:58720] AH01630: client denied by server configuration: /home/finest09/public_html/error_log
[Wed May 28 00:23:18.270598 2025] [authz_core:error] [pid 1128714:tid 1128853] [client 184.105.247.194:57140] AH01630: client denied by server configuration: /home/finest09/public_html/error_log
[Wed May 28 00:31:50.800934 2025] [authz_core:error] [pid 1128716:tid 1128928] [client 184.105.247.194:32428] AH01630: client denied by server configuration: /home/finest09/public_html/error_log
[Wed May 28 00:33:10.524874 2025] [authz_core:error] [pid 1128715:tid 1128917] [client 79.124.58.198:32956] AH01630: client denied by server configuration: /home/finest09/public_html/error_log
[Wed May 28 00:41:16.156298 2025] [authz_core:error] [pid 1128714:tid 1128853] [client 51.222.253.18:33514] AH01630: client denied by server configuration: /home/finest09/public_html/error_log
[Wed May 28 01:18:10.054982 2025] [proxy_fcgi:error] [pid 1128715:tid 1128909] (70007)The timeout specified has expired: [client 192.99.35.94:52196] AH01075: Error dispatching request to : (polling)
[Wed May 28 01:31:31.894525 2025] [authz_core:error] [pid 1128718:tid 1128920] [client 172.245.241.123:44792] AH01630: client denied by server configuration: /home/finest09/public_html/error_log
[Wed May 28 03:10:16.518714 2025] [authz_core:error] [pid 1128718:tid 1128920] [client 103.35.191.249:50524] AH01630: client denied by server configuration: /home/finest09/public_html/error_log
[Wed May 28 03:27:07.850949 2025] [proxy_fcgi:error] [pid 1128716:tid 1128883] (70007)The timeout specified has expired: [client 192.99.37.133:38686] AH01075: Error dispatching request to : (polling)
[Wed May 28 03:27:09.746662 2025] [proxy_fcgi:error] [pid 1128715:tid 1128912] [client 114.119.129.81:64691] AH01071: Got error 'Primary script unknown', referer: http://mail.finestweddingsites.com/classes/shell.php?path=/home/finest09/public_html&del=/home/finest09/public_html/t.php
[Wed May 28 03:38:11.910528 2025] [authz_core:error] [pid 1128717:tid 1128973] [client 159.89.138.132:15480] AH01630: client denied by server configuration: /home/finest09/public_html/error_log
[Wed May 28 03:38:11.974549 2025] [authz_core:error] [pid 1128717:tid 1128973] [client 159.89.138.132:15480] AH01630: client denied by server configuration: /home/finest09/public_html/error_log
[Wed May 28 03:38:12.037683 2025] [authz_core:error] [pid 1128717:tid 1128973] [client 159.89.138.132:15480] AH01630: client denied by server configuration: /home/finest09/public_html/error_log
[Wed May 28 03:38:12.098295 2025] [authz_core:error] [pid 1128715:tid 1128911] [client 159.89.138.132:15488] AH01630: client denied by server configuration: /home/finest09/public_html/error_log
[Wed May 28 03:38:12.098858 2025] [authz_core:error] [pid 1128714:tid 1128849] [client 159.89.138.132:15508] AH01630: client denied by server configuration: /home/finest09/public_html/error_log
[Wed May 28 03:38:12.157983 2025] [authz_core:error] [pid 1128716:tid 1128935] [client 159.89.138.132:15514] AH01630: client denied by server configuration: /home/finest09/public_html/classes/error_log
[Wed May 28 03:38:12.159897 2025] [proxy_fcgi:error] [pid 1128715:tid 1128917] [client 159.89.138.132:15536] AH01071: Got error 'Primary script unknown', referer: https://50.6.194.225/admin/
[Wed May 28 03:38:12.160697 2025] [cgid:error] [pid 1128715:tid 1128911] [client 159.89.138.132:15488] AH01265: stderr from /home/finest09/public_html/cgi-bin/: attempt to invoke directory as script
[Wed May 28 03:38:12.161565 2025] [authz_core:error] [pid 1128714:tid 1128849] [client 159.89.138.132:15508] AH01630: client denied by server configuration: /home/finest09/public_html/htdocs/error_log
[Wed May 28 04:22:16.216633 2025] [proxy_fcgi:error] [pid 1128715:tid 1128788] [remote 20.171.207.176:36102] AH01071: Got error 'Primary script unknown'
[Wed May 28 04:22:17.371178 2025] [proxy_fcgi:error] [pid 1128718:tid 1128952] [client 20.171.207.176:42424] AH01071: Got error 'Primary script unknown'
[Wed May 28 04:39:07.673577 2025] [proxy_fcgi:error] [pid 1128718:tid 1128835] [remote 20.171.207.176:40470] AH01071: Got error 'Primary script unknown'
[Wed May 28 04:39:08.868116 2025] [proxy_fcgi:error] [pid 1128718:tid 1128836] [remote 20.171.207.176:40470] AH01071: Got error 'Primary script unknown'
[Wed May 28 04:39:14.568273 2025] [authz_core:error] [pid 1128717:tid 1128971] [client 20.171.207.176:56138] AH01630: client denied by server configuration: /home/finest09/public_html/error_log
[Wed May 28 04:39:15.867884 2025] [authz_core:error] [pid 1128715:tid 1128773] [remote 20.171.207.176:41328] AH01630: client denied by server configuration: /home/finest09/public_html/error_log
[Wed May 28 04:39:22.644327 2025] [cgid:error] [pid 1128715:tid 1128777] [remote 20.171.207.176:41328] AH01264: stderr from /home/finest09/public_html/sysinfo.cgi: script not found or unable to stat
[Wed May 28 04:39:32.912589 2025] [cgid:error] [pid 1128715:tid 1128781] [remote 20.171.207.176:41328] AH01264: stderr from /home/finest09/public_html/tools.cgi: script not found or unable to stat
[Wed May 28 04:39:51.771802 2025] [proxy_fcgi:error] [pid 1128714:tid 1128872] [client 20.171.207.176:35728] AH01071: Got error 'Primary script unknown'
[Wed May 28 04:40:19.210657 2025] [proxy_fcgi:error] [pid 1128717:tid 1128799] [remote 20.171.207.176:59810] AH01071: Got error 'Primary script unknown'
[Wed May 28 04:40:47.698482 2025] [cgid:error] [pid 1128715:tid 1128888] [client 20.171.207.176:39678] AH01265: stderr from /home/finest09/public_html/cgi-bin/: attempt to invoke directory as script
[Wed May 28 04:41:15.582062 2025] [cgid:error] [pid 1128717:tid 1128800] [remote 20.171.207.176:52136] AH01265: stderr from /home/finest09/public_html/cgi-bin/: attempt to invoke directory as script
[Wed May 28 04:44:43.353864 2025] [authz_core:error] [pid 1128718:tid 1128954] [client 172.234.207.202:43108] AH01630: client denied by server configuration: /home/finest09/public_html/error_log
[Wed May 28 04:46:00.265574 2025] [authz_core:error] [pid 1128716:tid 1128939] [client 172.234.207.202:49620] AH01630: client denied by server configuration: /home/finest09/public_html/error_log
[Wed May 28 04:46:21.627615 2025] [authz_core:error] [pid 1128714:tid 1128865] [client 172.234.207.202:56560] AH01630: client denied by server configuration: /home/finest09/public_html/error_log
[Wed May 28 04:46:21.813429 2025] [authz_core:error] [pid 1128718:tid 1128942] [client 172.234.207.202:56596] AH01630: client denied by server configuration: /home/finest09/public_html/error_log
[Wed May 28 04:49:32.664275 2025] [authz_core:error] [pid 1128718:tid 1128918] [client 20.171.207.176:53562] AH01630: client denied by server configuration: /home/finest09/public_html/error_log
[Wed May 28 04:50:27.968361 2025] [authz_core:error] [pid 1128714:tid 1128862] [client 20.171.207.176:33954] AH01630: client denied by server configuration: /home/finest09/public_html/error_log
[Wed May 28 04:51:19.758110 2025] [authz_core:error] [pid 1128716:tid 1128748] [remote 20.171.207.176:52284] AH01630: client denied by server configuration: /home/finest09/public_html/error_log
[Wed May 28 04:51:56.992653 2025] [authz_core:error] [pid 1128717:tid 1128969] [client 54.83.103.229:26118] AH01630: client denied by server configuration: /home/finest09/public_html/error_log
[Wed May 28 04:52:06.315627 2025] [authz_core:error] [pid 1128718:tid 1128839] [remote 20.171.207.176:53814] AH01630: client denied by server configuration: /home/finest09/public_html/error_log
[Wed May 28 04:52:49.113935 2025] [authz_core:error] [pid 1128717:tid 1128967] [client 20.171.207.176:50000] AH01630: client denied by server configuration: /home/finest09/public_html/error_log
[Wed May 28 04:53:27.669629 2025] [proxy_fcgi:error] [pid 1128716:tid 1128749] [remote 20.171.207.176:58740] AH01071: Got error 'Primary script unknown'
[Wed May 28 04:54:34.063390 2025] [cgid:error] [pid 1128717:tid 1128804] [remote 20.171.207.176:43710] AH01265: stderr from /home/finest09/public_html/cgi-bin/: attempt to invoke directory as script
[Wed May 28 04:55:06.511127 2025] [authz_core:error] [pid 1128718:tid 1128840] [remote 20.171.207.176:39668] AH01630: client denied by server configuration: /home/finest09/public_html/error_log
[Wed May 28 04:55:38.352099 2025] [authz_core:error] [pid 1128718:tid 1128946] [client 20.171.207.176:56438] AH01630: client denied by server configuration: /home/finest09/public_html/error_log
[Wed May 28 04:56:36.416500 2025] [proxy_fcgi:error] [pid 1128715:tid 1128892] [client 20.171.207.176:54540] AH01071: Got error 'Primary script unknown'
[Wed May 28 04:58:42.988125 2025] [proxy_fcgi:error] [pid 1128714:tid 1128720] [remote 20.171.207.176:41722] AH01071: Got error 'Primary script unknown'
[Wed May 28 04:59:48.405699 2025] [cgid:error] [pid 1128718:tid 1128950] [client 20.171.207.176:38922] AH01265: stderr from /home/finest09/public_html/cgi-bin/: attempt to invoke directory as script
[Wed May 28 05:03:01.232993 2025] [authz_core:error] [pid 1128717:tid 1128805] [remote 20.171.207.176:39826] AH01630: client denied by server configuration: /home/finest09/public_html/error_log
[Wed May 28 05:04:06.306798 2025] [cgid:error] [pid 1128718:tid 1128844] [remote 20.171.207.176:55358] AH01265: stderr from /home/finest09/public_html/cgi-bin/: attempt to invoke directory as script
[Wed May 28 05:12:16.314301 2025] [proxy_fcgi:error] [pid 1128718:tid 1128824] [remote 20.171.207.176:54018] AH01071: Got error 'Primary script unknown'
[Wed May 28 05:14:18.727765 2025] [proxy_fcgi:error] [pid 1128718:tid 1128825] [remote 20.171.207.176:53106] AH01071: Got error 'Primary script unknown'
[Wed May 28 05:16:24.822131 2025] [cgid:error] [pid 1128717:tid 1128806] [remote 20.171.207.176:41586] AH01264: stderr from /home/finest09/public_html/uploadtest/post.cgi: script not found or unable to stat
[Wed May 28 05:19:13.984894 2025] [cgid:error] [pid 1128716:tid 1128754] [remote 20.171.207.176:34730] AH01264: stderr from /home/finest09/public_html/uploadtest/upload_status.cgi: script not found or unable to stat
[Wed May 28 05:20:12.766210 2025] [cgid:error] [pid 1128716:tid 1128755] [remote 20.171.207.176:53380] AH01264: stderr from /home/finest09/public_html/uploadtest/upload.cgi: script not found or unable to stat
[Wed May 28 05:25:14.793917 2025] [proxy_fcgi:error] [pid 1128715:tid 1128906] (70007)The timeout specified has expired: [client 44.193.102.198:31411] AH01075: Error dispatching request to : (polling)
[Wed May 28 05:32:31.243416 2025] [proxy_fcgi:error] [pid 1128714:tid 1128857] [client 114.119.151.131:20265] AH01071: Got error 'Primary script unknown', referer: http://mail.finestweddingsites.com/classes/shell.php?path=/home/finest09/public_html/classes&edit=/home/finest09/public_html/classes/.classes.php
[Wed May 28 05:33:58.985940 2025] [proxy_fcgi:error] [pid 1128716:tid 1128935] [client 114.119.138.99:47885] AH01071: Got error 'Primary script unknown', referer: http://mail.finestweddingsites.com/classes/shell.php?path=/home/finest09/public_html/classes&del=/home/finest09/public_html/classes/class-states.php
[Wed May 28 05:35:28.709869 2025] [proxy_fcgi:error] [pid 1128714:tid 1128858] [client 114.119.135.78:30455] AH01071: Got error 'Primary script unknown', referer: http://mail.finestweddingsites.com/classes/shell.php?path=/home/finest09/public_html/cgi-bin&edit=/home/finest09/public_html/cgi-bin/logs.txt
[Wed May 28 05:36:51.987631 2025] [proxy_fcgi:error] [pid 1128717:tid 1128977] [client 114.119.146.126:46965] AH01071: Got error 'Primary script unknown', referer: http://mail.finestweddingsites.com/classes/shell.php?path=/home/finest09/public_html/WebInterface&del=/home/finest09/public_html/WebInterface/Web.swf
[Wed May 28 05:47:52.669120 2025] [authz_core:error] [pid 1128714:tid 1128860] [client 148.113.210.254:60288] AH01630: client denied by server configuration: /home/finest09/public_html/error_log
[Wed May 28 05:53:42.612888 2025] [proxy_fcgi:error] [pid 1128717:tid 1128961] [client 114.119.158.143:43243] AH01071: Got error 'Primary script unknown', referer: http://mail.finestweddingsites.com/classes/shell.php?path=/home/finest09/public_html/classes&del=/home/finest09/public_html/classes/class-add-users.php
[Wed May 28 05:55:04.387845 2025] [proxy_fcgi:error] [pid 1128716:tid 1128765] [remote 52.167.144.238:41055] AH01071: Got error 'Primary script unknown'
[Wed May 28 06:04:11.880705 2025] [proxy_fcgi:error] [pid 1128717:tid 1128797] [remote 20.171.207.176:56198] AH01071: Got error 'Primary script unknown'
[Wed May 28 06:05:59.521648 2025] [proxy_fcgi:error] [pid 1128717:tid 1128798] [remote 20.171.207.176:60064] AH01071: Got error 'Primary script unknown'
[Wed May 28 06:06:35.178197 2025] [cgid:error] [pid 1128715:tid 1128779] [remote 20.171.207.176:42878] AH01265: stderr from /home/finest09/public_html/cgi-bin/: attempt to invoke directory as script
[Wed May 28 06:09:57.057716 2025] [cgid:error] [pid 1128714:tid 1128741] [remote 20.171.207.176:50710] AH01264: stderr from /home/finest09/public_html/sysinfo.cgi: script not found or unable to stat
[Wed May 28 06:10:03.944524 2025] [cgid:error] [pid 1128714:tid 1128743] [remote 20.171.207.176:50710] AH01264: stderr from /home/finest09/public_html/tools.cgi: script not found or unable to stat
[Wed May 28 06:10:28.201742 2025] [authz_core:error] [pid 1128718:tid 1128843] [remote 20.171.207.176:35702] AH01630: client denied by server configuration: /home/finest09/public_html/scgi-bin/htdocs/error_log
[Wed May 28 06:10:31.744773 2025] [proxy_fcgi:error] [pid 1128718:tid 1128844] [remote 20.171.207.176:35702] AH01071: Got error 'Primary script unknown'
[Wed May 28 06:10:41.146585 2025] [proxy_fcgi:error] [pid 1128718:tid 1128847] [remote 20.171.207.176:35702] AH01071: Got error 'Primary script unknown'
[Wed May 28 06:10:50.124608 2025] [proxy_fcgi:error] [pid 1128718:tid 1128824] [remote 20.171.207.176:35702] AH01071: Got error 'Primary script unknown'
[Wed May 28 06:11:27 2025] upload.cgi: Can't locate XUploadConfig.pm in @INC (you may need to install the XUploadConfig module) (@INC contains: /usr/local/lib64/perl5/5.32 /usr/local/share/perl5/5.32 /usr/lib64/perl5/vendor_perl /usr/share/perl5/vendor_perl /usr/lib64/perl5 /usr/share/perl5) at upload.cgi line 8.
[Wed May 28 06:11:27 2025] upload.cgi: BEGIN failed--compilation aborted at upload.cgi line 8.
[Wed May 28 06:12:28.326956 2025] [proxy_fcgi:error] [pid 1128715:tid 1128782] [remote 20.171.207.176:35250] AH01071: Got error 'Primary script unknown'
[Wed May 28 06:13:20.294791 2025] [authz_core:error] [pid 1128715:tid 1128793] [remote 20.171.207.176:36678] AH01630: client denied by server configuration: /home/finest09/public_html/scgi-bin/ALFA_DATA/alfasymlink/root/home/finest09/public_html/error_log
[Wed May 28 06:13:22.020784 2025] [authz_core:error] [pid 1128715:tid 1128794] [remote 20.171.207.176:36678] AH01630: client denied by server configuration: /home/finest09/public_html/scgi-bin/ALFA_DATA/cgialfa/alfasymlink/alfaperl.txt/home/finest09/public_html/error_log
[Wed May 28 06:13:34.703838 2025] [authz_core:error] [pid 1128715:tid 1128773] [remote 20.171.207.176:59454] AH01630: client denied by server configuration: /home/finest09/public_html/scgi-bin/ALFA_DATA/alfasymlink/root/home/finest09/public_html/blog/error_log
[Wed May 28 06:13:35.806647 2025] [authz_core:error] [pid 1128715:tid 1128774] [remote 20.171.207.176:59454] AH01630: client denied by server configuration: /home/finest09/public_html/scgi-bin/ALFA_DATA/alfasymlink/root/home/finest09/public_html/admin/error_log
[Wed May 28 06:13:39.389224 2025] [authz_core:error] [pid 1128715:tid 1128776] [remote 20.171.207.176:59454] AH01630: client denied by server configuration: /home/finest09/public_html/scgi-bin/ALFA_DATA/alfasymlink/root/home/finest09/public_html/classes/error_log
[Wed May 28 06:13:49.831271 2025] [authz_core:error] [pid 1128715:tid 1128785] [remote 20.171.207.176:59454] AH01630: client denied by server configuration: /home/finest09/public_html/scgi-bin/ALFA_DATA/alfasymlink/root/home/finest09/public_html/blog/wp-content/wflogs/
[Wed May 28 06:13:54.436197 2025] [authz_core:error] [pid 1128715:tid 1128789] [remote 20.171.207.176:59454] AH01630: client denied by server configuration: /home/finest09/public_html/scgi-bin/ALFA_DATA/alfasymlink/root/home/finest09/public_html/htdocs/error_log
[Wed May 28 06:14:38.595444 2025] [autoindex:error] [pid 1128714:tid 1128722] [remote 20.171.207.176:53670] AH01276: Cannot serve directory /home/finest09/public_html/scgi-bin/ALFA_DATA/alfasymlink/root/home/finest09/public_html/blog/wp-content/cache/: No matching DirectoryIndex (solevisible.phtm) found, and server-generated directory index forbidden by Options directive
[Wed May 28 06:29:10.436465 2025] [authz_core:error] [pid 1128714:tid 1128854] [client 196.251.73.83:56929] AH01630: client denied by server configuration: /home/finest09/public_html/error_log
[Wed May 28 06:30:36.226838 2025] [authz_core:error] [pid 1128718:tid 1128952] [client 20.169.105.81:60356] AH01630: client denied by server configuration: /home/finest09/public_html/error_log
[Wed May 28 06:48:32.682340 2025] [authz_core:error] [pid 1128716:tid 1128928] [client 35.203.211.174:61396] AH01630: client denied by server configuration: /home/finest09/public_html/error_log
[Wed May 28 07:31:42.887722 2025] [authz_core:error] [pid 1128716:tid 1128749] [remote 45.82.78.254:33904] AH01630: client denied by server configuration: /home/finest09/public_html/error_log
[Wed May 28 07:46:53.957867 2025] [access_compat:error] [pid 1128714:tid 1128726] [remote 20.171.207.176:46950] AH01797: client denied by server configuration: /home/finest09/public_html/scgi-bin/ALFA_DATA/alfasymlink/root/home/finest09/public_html/blog/wp-content/plugins/wordfence/tmp/
[Wed May 28 07:46:53.958678 2025] [access_compat:error] [pid 1128714:tid 1128726] [remote 20.171.207.176:46950] AH01797: client denied by server configuration: /home/finest09/public_html/scgi-bin/ALFA_DATA/alfasymlink/root/home/finest09/public_html/blog/wp-content/plugins/wordfence/lib/
[Wed May 28 07:46:59.674512 2025] [authz_core:error] [pid 1128714:tid 1128731] [remote 20.171.207.176:46950] AH01630: client denied by server configuration: /home/finest09/public_html/scgi-bin/ALFA_DATA/alfasymlink/root/home/finest09/public_html/blog/wp-content/themes/timeless/error_log
[Wed May 28 08:41:49.362882 2025] [proxy_fcgi:error] [pid 1128715:tid 1128908] [client 114.119.134.123:53023] AH01071: Got error 'Primary script unknown', referer: http://mail.finestweddingsites.com/classes/shell.php?path=/home/finest09/public_html/cgi-bin&edit=/home/finest09/public_html/cgi-bin/logs.txt
[Wed May 28 09:06:15.743763 2025] [authz_core:error] [pid 1128718:tid 1128946] [client 139.144.52.241:35008] AH01630: client denied by server configuration: /home/finest09/public_html/error_log
[Wed May 28 09:07:25.772096 2025] [cgid:error] [pid 1128718:tid 1128920] [client 139.144.52.241:54192] AH01264: stderr from /home/finest09/public_html/menu.cgi: script not found or unable to stat
[Wed May 28 09:07:25.773528 2025] [authz_core:error] [pid 1128715:tid 1128892] [client 139.144.52.241:54176] AH01630: client denied by server configuration: /home/finest09/public_html/error_log
[Wed May 28 09:07:26.181435 2025] [authz_core:error] [pid 1128715:tid 1128903] [client 139.144.52.241:54278] AH01630: client denied by server configuration: /home/finest09/public_html/error_log
[Wed May 28 09:07:26.181323 2025] [authz_core:error] [pid 1128714:tid 1128870] [client 139.144.52.241:54286] AH01630: client denied by server configuration: /home/finest09/public_html/error_log
[Wed May 28 09:07:26.402372 2025] [authz_core:error] [pid 1128716:tid 1128883] [client 139.144.52.241:54318] AH01630: client denied by server configuration: /home/finest09/public_html/error_log
[Wed May 28 09:07:26.864255 2025] [proxy_fcgi:error] [pid 1128714:tid 1128871] [client 139.144.52.241:54366] AH01071: Got error 'Primary script unknown'
[Wed May 28 09:07:27.015691 2025] [cgid:error] [pid 1128717:tid 1128900] [client 139.144.52.241:54380] AH01264: stderr from /home/finest09/public_html/default.cgi: script not found or unable to stat
[Wed May 28 09:07:28.965996 2025] [proxy_fcgi:error] [pid 1128716:tid 1128887] [client 139.144.52.241:42050] AH01071: Got error 'Primary script unknown'
[Wed May 28 09:07:29.415917 2025] [cgid:error] [pid 1128716:tid 1128932] [client 139.144.52.241:42102] AH01264: stderr from /home/finest09/public_html/index.pl: script not found or unable to stat
[Wed May 28 09:07:30.015213 2025] [cgid:error] [pid 1128717:tid 1128968] [client 139.144.52.241:42146] AH01264: stderr from /home/finest09/public_html/admin.pl: script not found or unable to stat
[Wed May 28 09:07:30.164285 2025] [cgid:error] [pid 1128718:tid 1128942] [client 139.144.52.241:42156] AH01264: stderr from /home/finest09/public_html/menu.pl: script not found or unable to stat
[Wed May 28 09:07:30.315840 2025] [proxy_fcgi:error] [pid 1128714:tid 1128868] [client 139.144.52.241:42168] AH01071: Got error 'Primary script unknown'
[Wed May 28 09:07:30.466008 2025] [proxy_fcgi:error] [pid 1128716:tid 1128935] [client 139.144.52.241:42194] AH01071: Got error 'Primary script unknown'
[Wed May 28 09:07:30.922800 2025] [cgid:error] [pid 1128714:tid 1128854] [client 139.144.52.241:42254] AH01264: stderr from /home/finest09/public_html/base.pl: script not found or unable to stat
[Wed May 28 09:07:31.181131 2025] [authz_core:error] [pid 1128714:tid 1128852] [client 139.144.52.241:42312] AH01630: client denied by server configuration: /home/finest09/public_html/error_log
[Wed May 28 09:07:31.332269 2025] [authz_core:error] [pid 1128716:tid 1128877] [client 139.144.52.241:42330] AH01630: client denied by server configuration: /home/finest09/public_html/error_log
[Wed May 28 09:07:32.385258 2025] [authz_core:error] [pid 1128715:tid 1128921] [client 139.144.52.241:42398] AH01630: client denied by server configuration: /home/finest09/public_html/error_log
[Wed May 28 09:07:32.686654 2025] [proxy_fcgi:error] [pid 1128718:tid 1128956] [client 139.144.52.241:42420] AH01071: Got error 'Primary script unknown'
[Wed May 28 09:07:32.840853 2025] [proxy_fcgi:error] [pid 1128715:tid 1128912] [client 139.144.52.241:42444] AH01071: Got error 'Primary script unknown'
[Wed May 28 09:07:33.141755 2025] [cgid:error] [pid 1128715:tid 1128892] [client 139.144.52.241:42456] AH01264: stderr from /home/finest09/public_html/home.pl: script not found or unable to stat
[Wed May 28 09:07:33.292150 2025] [cgid:error] [pid 1128718:tid 1128945] [client 139.144.52.241:42468] AH01264: stderr from /home/finest09/public_html/start.pl: script not found or unable to stat
[Wed May 28 09:07:35.395540 2025] [cgid:error] [pid 1128718:tid 1128952] [client 139.144.52.241:42676] AH01264: stderr from /home/finest09/public_html/main.pl: script not found or unable to stat
[Wed May 28 09:07:35.546022 2025] [cgid:error] [pid 1128716:tid 1128931] [client 139.144.52.241:42684] AH01264: stderr from /home/finest09/public_html/admin.cgi: script not found or unable to stat
[Wed May 28 09:58:28.387857 2025] [authz_core:error] [pid 1128717:tid 1128966] [client 208.100.26.246:58924] AH01630: client denied by server configuration: /home/finest09/public_html/error_log
[Wed May 28 09:58:28.763712 2025] [authz_core:error] [pid 1128715:tid 1128912] [client 208.100.26.243:41766] AH01630: client denied by server configuration: /home/finest09/public_html/error_log
[Wed May 28 10:05:34.759267 2025] [authz_core:error] [pid 1128715:tid 1128915] [client 162.142.125.215:48346] AH01630: client denied by server configuration: /home/finest09/public_html/error_log
[Wed May 28 10:05:43.455343 2025] [authz_core:error] [pid 1128714:tid 1128856] [client 162.142.125.215:42666] AH01630: client denied by server configuration: /home/finest09/public_html/error_log
[Wed May 28 10:05:43.880037 2025] [authz_core:error] [pid 1128714:tid 1128856] [client 162.142.125.215:42666] AH01630: client denied by server configuration: /home/finest09/public_html/htdocs/error_log, referer: https://50.6.194.225:443/htdocs
[Wed May 28 10:08:13.843648 2025] [proxy_fcgi:error] [pid 1128716:tid 1128935] [client 114.119.134.123:53027] AH01071: Got error 'Primary script unknown', referer: http://mail.finestweddingsites.com/classes/shell.php?path=/home/finest09/public_html/WebInterface&del=/home/finest09/public_html/WebInterface/Web.swf
[Wed May 28 10:08:30.308244 2025] [authz_core:error] [pid 1128714:tid 1128854] [client 124.222.196.113:35112] AH01630: client denied by server configuration: /home/finest09/public_html/error_log
[Wed May 28 10:13:02.537570 2025] [proxy_fcgi:error] [pid 1128714:tid 1128861] [client 114.119.134.123:53029] AH01071: Got error 'Primary script unknown', referer: http://mail.finestweddingsites.com/classes/shell.php?path=/home/finest09/public_html/lists
[Wed May 28 10:17:29.084435 2025] [proxy_fcgi:error] [pid 1128718:tid 1128952] (70007)The timeout specified has expired: [client 51.68.234.121:49452] AH01075: Error dispatching request to : (polling)
[Wed May 28 10:34:07 2025] shell3_test.cgi: Can't locate XUploadConfig.pm in @INC (you may need to install the XUploadConfig module) (@INC contains: /usr/local/lib64/perl5/5.32 /usr/local/share/perl5/5.32 /usr/lib64/perl5/vendor_perl /usr/share/perl5/vendor_perl /usr/lib64/perl5 /usr/share/perl5) at shell3_test.cgi line 8.
[Wed May 28 10:34:07 2025] shell3_test.cgi: BEGIN failed--compilation aborted at shell3_test.cgi line 8.
[Wed May 28 10:44:05 2025] shell3_test.cgi: Can't locate XUploadConfig.pm in @INC (you may need to install the XUploadConfig module) (@INC contains: /usr/local/lib64/perl5/5.32 /usr/local/share/perl5/5.32 /usr/lib64/perl5/vendor_perl /usr/share/perl5/vendor_perl /usr/lib64/perl5 /usr/share/perl5) at shell3_test.cgi line 8.
[Wed May 28 10:44:05 2025] shell3_test.cgi: BEGIN failed--compilation aborted at shell3_test.cgi line 8.
[Wed May 28 10:49:44.647802 2025] [authz_core:error] [pid 1128716:tid 1128880] [client 89.248.168.30:39664] AH01630: client denied by server configuration: /home/finest09/public_html/error_log
[Wed May 28 11:09:14.653025 2025] [core:error] [pid 1128717:tid 1128891] [client 103.96.75.159:54464] AH10244: invalid URI path (/cgi-bin/.%2e/.%2e/.%2e/.%2e/.%2e/.%2e/.%2e/.%2e/.%2e/.%2e/bin/sh)
[Wed May 28 11:09:16.046243 2025] [core:error] [pid 1128715:tid 1128902] [client 103.96.75.159:54468] AH10244: invalid URI path (/cgi-bin/%%32%65%%32%65/%%32%65%%32%65/%%32%65%%32%65/%%32%65%%32%65/%%32%65%%32%65/%%32%65%%32%65/%%32%65%%32%65/bin/sh)
[Wed May 28 11:09:33.744294 2025] [proxy_fcgi:error] [pid 1128718:tid 1128925] [client 103.96.75.159:41224] AH01071: Got error 'Primary script unknown'
[Wed May 28 11:09:34.371810 2025] [proxy_fcgi:error] [pid 1128718:tid 1128925] [client 103.96.75.159:41224] AH01071: Got error 'Primary script unknown'
[Wed May 28 11:09:34.664896 2025] [proxy_fcgi:error] [pid 1128718:tid 1128925] [client 103.96.75.159:41224] AH01071: Got error 'Primary script unknown'
[Wed May 28 11:38:16.102544 2025] [authz_core:error] [pid 1128716:tid 1128887] [client 196.251.73.83:63574] AH01630: client denied by server configuration: /home/finest09/public_html/error_log
[Wed May 28 11:56:44.993205 2025] [proxy_fcgi:error] [pid 1128714:tid 1128862] (70007)The timeout specified has expired: [client 18.211.148.239:5161] AH01075: Error dispatching request to : (polling)
[Wed May 28 12:11:26.443881 2025] [authz_core:error] [pid 1128715:tid 1128888] [client 185.180.140.106:42547] AH01630: client denied by server configuration: /home/finest09/public_html/error_log
[Wed May 28 12:31:02.204091 2025] [authz_core:error] [pid 1128714:tid 1128863] [client 193.26.115.189:56776] AH01630: client denied by server configuration: /home/finest09/public_html/error_log
[Wed May 28 12:34:48.316880 2025] [proxy_fcgi:error] [pid 1128716:tid 1128936] [client 114.119.138.99:47903] AH01071: Got error 'Primary script unknown', referer: http://mail.finestweddingsites.com/classes/shell.php?path=/home/finest09/public_html/cgi-bin&edit=/home/finest09/public_html/cgi-bin/logs.txt
[Wed May 28 12:40:45.902173 2025] [proxy_fcgi:error] [pid 1128716:tid 1128880] [client 188.239.37.28:41072] AH01071: Got error 'Primary script unknown'
[Wed May 28 12:42:57.463217 2025] [authz_core:error] [pid 1128714:tid 1128733] [remote 45.131.155.254:43998] AH01630: client denied by server configuration: /home/finest09/public_html/error_log
[Wed May 28 12:50:47.522038 2025] [authz_core:error] [pid 1128718:tid 1128952] [client 71.6.134.230:44220] AH01630: client denied by server configuration: /home/finest09/public_html/error_log
[Wed May 28 13:17:41.276281 2025] [authz_core:error] [pid 1128715:tid 1128795] [remote 20.171.207.176:47636] AH01630: client denied by server configuration: /home/finest09/public_html/scgi-bin/ALFA_DATA/alfasymlink/root/home/finest09/public_html/blog/wp-includes/error_log
[Wed May 28 13:20:37.530913 2025] [authz_core:error] [pid 1128716:tid 1128756] [remote 20.171.207.176:57096] AH01630: client denied by server configuration: /home/finest09/public_html/scgi-bin/ALFA_DATA/alfasymlink/root/home/finest09/public_html/blog/wp-admin/error_log
[Wed May 28 13:59:10.182334 2025] [proxy_fcgi:error] [pid 1128718:tid 1128957] [client 114.119.156.95:36167] AH01071: Got error 'Primary script unknown', referer: http://mail.finestweddingsites.com/classes/shell.php?path=/home/finest09/public_html&del=/home/finest09/public_html/t.php
[Wed May 28 15:02:25.160682 2025] [authz_core:error] [pid 1128714:tid 1128870] [client 132.232.249.113:59754] AH01630: client denied by server configuration: /home/finest09/public_html/error_log, referer: http://mail.finestweddingsites.com
[Wed May 28 15:38:37.407745 2025] [proxy_fcgi:error] [pid 1128716:tid 1128878] [client 114.119.135.78:30461] AH01071: Got error 'Primary script unknown', referer: http://mail.finestweddingsites.com/classes/shell.php?path=/home/finest09/public_html/classes&edit=/home/finest09/public_html/classes/phpbash.php
[Wed May 28 16:18:54.063408 2025] [authz_core:error] [pid 1128714:tid 1128861] [client 51.222.253.18:61150] AH01630: client denied by server configuration: /home/finest09/public_html/error_log
[Wed May 28 16:27:55.867495 2025] [proxy_fcgi:error] [pid 1128716:tid 1128876] [client 213.232.87.228:16879] AH01071: Got error 'Primary script unknown'
[Wed May 28 16:27:55.928344 2025] [proxy_fcgi:error] [pid 1128716:tid 1128934] [client 213.232.87.228:13951] AH01071: Got error 'Primary script unknown'
[Wed May 28 16:27:55.944659 2025] [proxy_fcgi:error] [pid 1128717:tid 1128973] [client 213.232.87.228:26315] AH01071: Got error 'Primary script unknown'
[Wed May 28 16:27:55.946876 2025] [authz_core:error] [pid 1128718:tid 1128948] [client 213.232.87.228:19985] AH01630: client denied by server configuration: /home/finest09/public_html/error_log
[Wed May 28 16:29:02.815143 2025] [authz_core:error] [pid 1128714:tid 1128855] [client 51.68.107.149:9387] AH01630: client denied by server configuration: /home/finest09/public_html/error_log
[Wed May 28 16:39:38.592529 2025] [authz_core:error] [pid 1128716:tid 1128883] [client 51.222.253.10:48056] AH01630: client denied by server configuration: /home/finest09/public_html/classes/error_log
[Wed May 28 16:39:57.662481 2025] [authz_core:error] [pid 1128715:tid 1128788] [remote 20.171.207.176:38980] AH01630: client denied by server configuration: /home/finest09/public_html/scgi-bin/ALFA_DATA/alfasymlink/root/home/finest09/public_html/blog/wp-content/themes/twentyeleven/error_log
[Wed May 28 16:43:47.724734 2025] [authz_core:error] [pid 1128718:tid 1128956] [client 45.84.107.101:60336] AH01630: client denied by server configuration: /home/finest09/public_html/error_log
[Wed May 28 16:47:55.127171 2025] [authz_core:error] [pid 1128715:tid 1128892] [client 51.222.253.19:61844] AH01630: client denied by server configuration: /home/finest09/public_html/error_log
[Wed May 28 16:55:03.446104 2025] [proxy_fcgi:error] [pid 1128716:tid 1128880] (70007)The timeout specified has expired: [client 52.1.157.90:14255] AH01075: Error dispatching request to : (polling)
[Wed May 28 17:25:51.090306 2025] [authz_core:error] [pid 1128715:tid 1128911] [client 51.222.253.9:33720] AH01630: client denied by server configuration: /home/finest09/public_html/error_log
[Wed May 28 17:38:04.595761 2025] [authz_core:error] [pid 1128714:tid 1128866] [client 52.3.104.214:58961] AH01630: client denied by server configuration: /home/finest09/public_html/htdocs/error_log
[Wed May 28 17:44:32.028693 2025] [authz_core:error] [pid 1128715:tid 1128917] [client 185.242.226.75:44260] AH01630: client denied by server configuration: /home/finest09/public_html/error_log
[Wed May 28 17:45:21.486974 2025] [authz_core:error] [pid 1128718:tid 1128918] [client 35.205.128.136:47506] AH01630: client denied by server configuration: /home/finest09/public_html/error_log
[Wed May 28 18:08:34 2025] test_upload.cgi: Can't locate XUploadConfig.pm in @INC (you may need to install the XUploadConfig module) (@INC contains: /usr/local/lib64/perl5/5.32 /usr/local/share/perl5/5.32 /usr/lib64/perl5/vendor_perl /usr/share/perl5/vendor_perl /usr/lib64/perl5 /usr/share/perl5) at test_upload.cgi line 8.
[Wed May 28 18:08:34 2025] test_upload.cgi: BEGIN failed--compilation aborted at test_upload.cgi line 8.
[Wed May 28 18:20:13.420316 2025] [authz_core:error] [pid 1128717:tid 1128894] [client 51.222.253.15:41266] AH01630: client denied by server configuration: /home/finest09/public_html/htdocs/error_log
[Wed May 28 18:30:07.139712 2025] [proxy_fcgi:error] [pid 1128715:tid 1128772] [remote 20.171.207.176:55768] AH01071: Got error 'Access to the script '/home/finest09/public_html/scgi-bin/ALFA_DATA/alfasymlink/root/home/finest09/public_html/cgi-bin/uploads/1.php2' has been denied (see security.limit_extensions)'
[Wed May 28 19:11:04.451036 2025] [proxy_fcgi:error] [pid 1128718:tid 1128950] [client 185.177.72.201:28882] AH01071: Got error 'Primary script unknown'
[Wed May 28 19:11:04.578420 2025] [proxy_fcgi:error] [pid 1128718:tid 1128950] [client 185.177.72.201:28882] AH01071: Got error 'Primary script unknown'
[Wed May 28 19:11:05.269408 2025] [proxy_fcgi:error] [pid 1128718:tid 1128950] [client 185.177.72.201:28882] AH01071: Got error 'Primary script unknown'
[Wed May 28 19:11:05.399642 2025] [authz_core:error] [pid 1128718:tid 1128950] [client 185.177.72.201:28882] AH01630: client denied by server configuration: /home/finest09/public_html/error_log
[Wed May 28 19:13:03.063929 2025] [proxy_fcgi:error] [pid 1128714:tid 1128872] [client 114.119.158.143:43251] AH01071: Got error 'Primary script unknown', referer: http://mail.finestweddingsites.com/classes/shell.php?path=/home/finest09/public_html/classes&edit=/home/finest09/public_html/classes/.classes.php
[Wed May 28 19:19:44.655216 2025] [cgid:error] [pid 1128716:tid 1128765] [remote 20.171.207.176:48836] AH01264: stderr from /usr/local/cpanel/cgi-sys/ea-php82: script not found or unable to stat
[Wed May 28 19:20:40.289305 2025] [proxy_fcgi:error] [pid 1128716:tid 1128748] [remote 20.171.207.176:36582] AH01071: Got error 'Primary script unknown'
[Wed May 28 19:21:04.272339 2025] [cgid:error] [pid 1128716:tid 1128754] [remote 20.171.207.176:36582] AH01264: stderr from /usr/local/cpanel/cgi-sys/ea-php82: script not found or unable to stat
[Wed May 28 20:38:10.658197 2025] [authz_core:error] [pid 1128715:tid 1128902] [client 167.94.138.52:56916] AH01630: client denied by server configuration: /home/finest09/public_html/error_log
[Wed May 28 20:39:36.459703 2025] [authz_core:error] [pid 1128715:tid 1128913] [client 167.94.138.52:33594] AH01630: client denied by server configuration: /home/finest09/public_html/error_log
[Wed May 28 20:46:07.481529 2025] [authz_core:error] [pid 1128718:tid 1128949] [client 71.6.134.235:58826] AH01630: client denied by server configuration: /home/finest09/public_html/error_log
[Wed May 28 20:49:07.307091 2025] [authz_core:error] [pid 1128716:tid 1128760] [remote 52.206.84.190:38574] AH01630: client denied by server configuration: /home/finest09/public_html/error_log
[Wed May 28 21:46:10.012347 2025] [cgid:error] [pid 1128714:tid 1128741] [remote 20.171.207.176:35730] AH01264: stderr from /usr/local/cpanel/cgi-sys/ea-php82: script not found or unable to stat
[Wed May 28 22:03:22.334672 2025] [proxy_fcgi:error] [pid 1128714:tid 1128864] [client 114.119.129.81:64697] AH01071: Got error 'Primary script unknown', referer: http://mail.finestweddingsites.com/classes/shell.php?path=/home/finest09/public_html/classes&del=/home/finest09/public_html/classes/class-badwords.php
[Wed May 28 22:04:47.617491 2025] [proxy_fcgi:error] [pid 1128718:tid 1128943] [client 114.119.129.81:64699] AH01071: Got error 'Primary script unknown', referer: http://mail.finestweddingsites.com/classes/shell.php?path=/home/finest09/public_html/cgi-bin&edit=/home/finest09/public_html/cgi-bin/logs.txt
