[Mon May 26 06:10:13.250193 2025] [http2:warn] [pid 1128718:tid 1128942] [client 20.171.207.7:59970] h2_stream(1128718-362-1,CLEANUP): started=1, scheduled=1, ready=0, out_buffer=0
[Mon May 26 06:10:26.105864 2025] [proxy_fcgi:error] [pid 1128716:tid 1128928] (70007)The timeout specified has expired: [client 20.171.207.7:60862] AH01075: Error dispatching request to : (polling)
[Mon May 26 06:11:01.733858 2025] [proxy_fcgi:error] [pid 1128717:tid 1128964] (70007)The timeout specified has expired: [client 66.249.74.131:56154] AH01075: Error dispatching request to : (polling)
[Mon May 26 06:11:08.749167 2025] [http2:warn] [pid 1128715:tid 1128909] [client 20.171.207.7:38894] h2_stream(1128715-393-1,CLEANUP): started=1, scheduled=1, ready=0, out_buffer=0
[Mon May 26 06:11:13.250478 2025] [http2:warn] [pid 1128718:tid 1128942] [client 20.171.207.7:59970] h2_stream(1128718-362-1,CLEANUP): started=1, scheduled=1, ready=0, out_buffer=0
[Mon May 26 06:11:30.601787 2025] [proxy_fcgi:error] [pid 1128718:tid 1128951] (70007)The timeout specified has expired: [client 20.171.207.7:53112] AH01075: Error dispatching request to : (polling)
[Mon May 26 06:12:08.749402 2025] [http2:warn] [pid 1128715:tid 1128909] [client 20.171.207.7:38894] h2_stream(1128715-393-1,CLEANUP): started=1, scheduled=1, ready=0, out_buffer=0
[Mon May 26 06:12:13.250745 2025] [http2:warn] [pid 1128718:tid 1128942] [client 20.171.207.7:59970] h2_stream(1128718-362-1,CLEANUP): started=1, scheduled=1, ready=0, out_buffer=0
[Mon May 26 06:12:18.131178 2025] [http2:warn] [pid 1128715:tid 1128892] [client 20.171.207.7:35550] h2_stream(1128715-394-1,CLEANUP): started=1, scheduled=1, ready=0, out_buffer=0
[Mon May 26 06:13:13.251016 2025] [http2:warn] [pid 1128718:tid 1128942] [client 20.171.207.7:59970] h2_stream(1128718-362-1,CLEANUP): started=1, scheduled=1, ready=0, out_buffer=0
[Mon May 26 06:13:18.131495 2025] [http2:warn] [pid 1128715:tid 1128892] [client 20.171.207.7:35550] h2_stream(1128715-394-1,CLEANUP): started=1, scheduled=1, ready=0, out_buffer=0
[Mon May 26 06:13:22.666733 2025] [http2:warn] [pid 1128718:tid 1128952] [client 20.171.207.7:47634] h2_stream(1128718-363-1,CLEANUP): started=1, scheduled=1, ready=0, out_buffer=0
[Mon May 26 06:14:01.869582 2025] [proxy_fcgi:error] [pid 1128714:tid 1128858] (70007)The timeout specified has expired: [client 66.249.74.131:41266] AH01075: Error dispatching request to : (polling)
[Mon May 26 06:14:18.131810 2025] [http2:warn] [pid 1128715:tid 1128892] [client 20.171.207.7:35550] h2_stream(1128715-394-1,CLEANUP): started=1, scheduled=1, ready=0, out_buffer=0
[Mon May 26 06:14:22.667032 2025] [http2:warn] [pid 1128718:tid 1128952] [client 20.171.207.7:47634] h2_stream(1128718-363-1,CLEANUP): started=1, scheduled=1, ready=0, out_buffer=0
[Mon May 26 06:14:41.757084 2025] [proxy_fcgi:error] [pid 1128716:tid 1128876] (70007)The timeout specified has expired: [client 20.171.207.7:35668] AH01075: Error dispatching request to : (polling)
[Mon May 26 06:15:18.132111 2025] [http2:warn] [pid 1128715:tid 1128892] [client 20.171.207.7:35550] h2_stream(1128715-394-1,CLEANUP): started=1, scheduled=1, ready=0, out_buffer=0
[Mon May 26 06:15:22.667268 2025] [http2:warn] [pid 1128718:tid 1128952] [client 20.171.207.7:47634] h2_stream(1128718-363-1,CLEANUP): started=1, scheduled=1, ready=0, out_buffer=0
[Mon May 26 06:16:22.667584 2025] [http2:warn] [pid 1128718:tid 1128952] [client 20.171.207.7:47634] h2_stream(1128718-363-1,CLEANUP): started=1, scheduled=1, ready=0, out_buffer=0
[Mon May 26 06:16:25.694837 2025] [http2:warn] [pid 1128718:tid 1128944] [client 20.171.207.7:50718] h2_stream(1128718-364-1,CLEANUP): started=1, scheduled=1, ready=0, out_buffer=0
[Mon May 26 06:17:02.029163 2025] [proxy_fcgi:error] [pid 1128714:tid 1128859] (70007)The timeout specified has expired: [client 66.249.74.131:58685] AH01075: Error dispatching request to : (polling)
[Mon May 26 06:17:25.695067 2025] [http2:warn] [pid 1128718:tid 1128944] [client 20.171.207.7:50718] h2_stream(1128718-364-1,CLEANUP): started=1, scheduled=1, ready=0, out_buffer=0
[Mon May 26 06:17:47.923916 2025] [proxy_fcgi:error] [pid 1128715:tid 1128907] (70007)The timeout specified has expired: [client 20.171.207.7:55386] AH01075: Error dispatching request to : (polling)
[Mon May 26 06:18:25.695411 2025] [http2:warn] [pid 1128718:tid 1128944] [client 20.171.207.7:50718] h2_stream(1128718-364-1,CLEANUP): started=1, scheduled=1, ready=0, out_buffer=0
[Mon May 26 06:18:49.634407 2025] [proxy_fcgi:error] [pid 1128717:tid 1128960] (70007)The timeout specified has expired: [client 20.171.207.7:56100] AH01075: Error dispatching request to : (polling)
[Mon May 26 06:19:25.695825 2025] [http2:warn] [pid 1128718:tid 1128944] [client 20.171.207.7:50718] h2_stream(1128718-364-1,CLEANUP): started=1, scheduled=1, ready=0, out_buffer=0
[Mon May 26 06:20:02.148818 2025] [proxy_fcgi:error] [pid 1128715:tid 1128890] (70007)The timeout specified has expired: [client 66.249.74.131:47008] AH01075: Error dispatching request to : (polling)
[Mon May 26 06:23:02.341897 2025] [proxy_fcgi:error] [pid 1128717:tid 1128898] (70007)The timeout specified has expired: [client 66.249.74.131:65304] AH01075: Error dispatching request to : (polling)
[Mon May 26 06:26:02.558565 2025] [proxy_fcgi:error] [pid 1128715:tid 1128903] (70007)The timeout specified has expired: [client 66.249.74.131:56893] AH01075: Error dispatching request to : (polling)
[Mon May 26 06:27:13.292850 2025] [proxy_fcgi:error] [pid 1128717:tid 1128973] (70007)The timeout specified has expired: [client 54.144.185.255:20260] AH01075: Error dispatching request to : (polling)
[Mon May 26 06:27:25.075014 2025] [proxy_fcgi:error] [pid 1128715:tid 1128913] (70007)The timeout specified has expired: [client 35.169.240.53:2384] AH01075: Error dispatching request to : (polling)
[Mon May 26 06:28:14.523441 2025] [authz_core:error] [pid 1128716:tid 1128934] [client 64.62.156.19:14125] AH01630: client denied by server configuration: /home/finest09/public_html/error_log
[Mon May 26 06:29:02.680223 2025] [proxy_fcgi:error] [pid 1128717:tid 1128900] (70007)The timeout specified has expired: [client 66.249.74.131:64933] AH01075: Error dispatching request to : (polling)
[Mon May 26 06:32:02.802888 2025] [proxy_fcgi:error] [pid 1128714:tid 1128856] (70007)The timeout specified has expired: [client 66.249.74.131:52222] AH01075: Error dispatching request to : (polling)
[Mon May 26 06:35:02.968844 2025] [proxy_fcgi:error] [pid 1128714:tid 1128867] (70007)The timeout specified has expired: [client 66.249.74.131:46601] AH01075: Error dispatching request to : (polling)
[Mon May 26 06:38:03.109349 2025] [proxy_fcgi:error] [pid 1128715:tid 1128910] (70007)The timeout specified has expired: [client 66.249.74.131:56087] AH01075: Error dispatching request to : (polling)
[Mon May 26 06:40:28.430466 2025] [authz_core:error] [pid 1128718:tid 1128945] [client 64.62.156.12:32519] AH01630: client denied by server configuration: /home/finest09/public_html/error_log
[Mon May 26 06:41:03.260908 2025] [proxy_fcgi:error] [pid 1128717:tid 1128894] (70007)The timeout specified has expired: [client 66.249.74.131:41651] AH01075: Error dispatching request to : (polling)
[Mon May 26 06:44:03.313925 2025] [proxy_fcgi:error] [pid 1128714:tid 1128864] (70007)The timeout specified has expired: [client 66.249.74.131:61588] AH01075: Error dispatching request to : (polling)
[Mon May 26 06:47:03.539526 2025] [proxy_fcgi:error] [pid 1128716:tid 1128883] (70007)The timeout specified has expired: [client 66.249.74.131:57491] AH01075: Error dispatching request to : (polling)
[Mon May 26 06:50:03.693196 2025] [proxy_fcgi:error] [pid 1128714:tid 1128863] (70007)The timeout specified has expired: [client 66.249.74.131:42525] AH01075: Error dispatching request to : (polling)
[Mon May 26 06:53:03.809907 2025] [proxy_fcgi:error] [pid 1128715:tid 1128919] (70007)The timeout specified has expired: [client 66.249.74.131:55236] AH01075: Error dispatching request to : (polling)
[Mon May 26 06:56:03.980659 2025] [proxy_fcgi:error] [pid 1128716:tid 1128931] (70007)The timeout specified has expired: [client 66.249.74.131:57974] AH01075: Error dispatching request to : (polling)
[Mon May 26 06:59:04.111770 2025] [proxy_fcgi:error] [pid 1128714:tid 1128869] (70007)The timeout specified has expired: [client 66.249.74.131:65298] AH01075: Error dispatching request to : (polling)
[Mon May 26 07:02:04.223882 2025] [proxy_fcgi:error] [pid 1128718:tid 1128927] (70007)The timeout specified has expired: [client 66.249.74.131:44663] AH01075: Error dispatching request to : (polling)
[Mon May 26 07:05:04.388534 2025] [proxy_fcgi:error] [pid 1128716:tid 1128882] (70007)The timeout specified has expired: [client 66.249.74.131:48796] AH01075: Error dispatching request to : (polling)
[Mon May 26 07:08:04.524842 2025] [proxy_fcgi:error] [pid 1128718:tid 1128956] (70007)The timeout specified has expired: [client 66.249.74.131:57912] AH01075: Error dispatching request to : (polling)
[Mon May 26 07:11:04.669539 2025] [proxy_fcgi:error] [pid 1128716:tid 1128886] (70007)The timeout specified has expired: [client 66.249.74.131:38055] AH01075: Error dispatching request to : (polling)
[Mon May 26 07:14:04.822820 2025] [proxy_fcgi:error] [pid 1128716:tid 1128881] (70007)The timeout specified has expired: [client 66.249.74.131:50878] AH01075: Error dispatching request to : (polling)
[Mon May 26 07:17:04.994817 2025] [proxy_fcgi:error] [pid 1128715:tid 1128897] (70007)The timeout specified has expired: [client 66.249.74.131:35072] AH01075: Error dispatching request to : (polling)
[Mon May 26 07:19:36.883682 2025] [authz_core:error] [pid 1128715:tid 1128910] [client 165.154.36.91:32758] AH01630: client denied by server configuration: /home/finest09/public_html/error_log
[Mon May 26 07:20:05.098771 2025] [proxy_fcgi:error] [pid 1128718:tid 1128943] (70007)The timeout specified has expired: [client 66.249.74.131:42508] AH01075: Error dispatching request to : (polling)
[Mon May 26 07:22:38.035887 2025] [proxy_fcgi:error] [pid 1128717:tid 1128891] (70007)The timeout specified has expired: [client 114.119.134.123:52915] AH01075: Error dispatching request to : (polling), referer: http://mail.finestweddingsites.com/classes/shell.php?path=/home/finest09/public_html/lists
[Mon May 26 07:23:05.349841 2025] [proxy_fcgi:error] [pid 1128718:tid 1128918] (70007)The timeout specified has expired: [client 66.249.74.131:64929] AH01075: Error dispatching request to : (polling)
[Mon May 26 07:26:05.546075 2025] [proxy_fcgi:error] [pid 1128715:tid 1128905] (70007)The timeout specified has expired: [client 66.249.74.131:41645] AH01075: Error dispatching request to : (polling)
[Mon May 26 07:29:05.683854 2025] [proxy_fcgi:error] [pid 1128717:tid 1128971] (70007)The timeout specified has expired: [client 66.249.74.131:55284] AH01075: Error dispatching request to : (polling)
[Mon May 26 07:30:38.466708 2025] [proxy_fcgi:error] [pid 1128716:tid 1128931] (70007)The timeout specified has expired: [client 44.221.227.90:30291] AH01075: Error dispatching request to : (polling)
[Mon May 26 07:30:41.298934 2025] [proxy_fcgi:error] [pid 1128717:tid 1128969] (70007)The timeout specified has expired: [client 44.207.207.36:21717] AH01075: Error dispatching request to : (polling)
[Mon May 26 07:30:49.968162 2025] [proxy_fcgi:error] [pid 1128714:tid 1128860] (70007)The timeout specified has expired: [client 3.221.50.71:12042] AH01075: Error dispatching request to : (polling)
[Mon May 26 07:32:05.872858 2025] [proxy_fcgi:error] [pid 1128715:tid 1128893] (70007)The timeout specified has expired: [client 66.249.74.131:57875] AH01075: Error dispatching request to : (polling)
[Mon May 26 07:35:06.015385 2025] [proxy_fcgi:error] [pid 1128714:tid 1128869] (70007)The timeout specified has expired: [client 66.249.74.131:53573] AH01075: Error dispatching request to : (polling)
[Mon May 26 07:38:06.141902 2025] [proxy_fcgi:error] [pid 1128718:tid 1128950] (70007)The timeout specified has expired: [client 66.249.74.131:62480] AH01075: Error dispatching request to : (polling)
[Mon May 26 07:41:06.272876 2025] [proxy_fcgi:error] [pid 1128716:tid 1128936] (70007)The timeout specified has expired: [client 66.249.74.131:53930] AH01075: Error dispatching request to : (polling)
[Mon May 26 07:43:32.078476 2025] [authz_core:error] [pid 1128717:tid 1128961] [client 35.203.211.51:59160] AH01630: client denied by server configuration: /home/finest09/public_html/error_log
[Mon May 26 07:43:50.078663 2025] [proxy_fcgi:error] [pid 1128714:tid 1128850] (70007)The timeout specified has expired: [client 54.83.23.103:24500] AH01075: Error dispatching request to : (polling)
[Mon May 26 07:43:53.115574 2025] [proxy_fcgi:error] [pid 1128715:tid 1128899] (70007)The timeout specified has expired: [client 52.2.83.227:23781] AH01075: Error dispatching request to : (polling)
[Mon May 26 07:43:57.071830 2025] [proxy_fcgi:error] [pid 1128716:tid 1128881] (70007)The timeout specified has expired: [client 98.83.10.183:61217] AH01075: Error dispatching request to : (polling)
[Mon May 26 07:44:06.363835 2025] [proxy_fcgi:error] [pid 1128718:tid 1128914] (70007)The timeout specified has expired: [client 66.249.74.131:59060] AH01075: Error dispatching request to : (polling)
[Mon May 26 07:47:06.542955 2025] [proxy_fcgi:error] [pid 1128715:tid 1128895] (70007)The timeout specified has expired: [client 66.249.74.131:38321] AH01075: Error dispatching request to : (polling)
[Mon May 26 07:50:06.713652 2025] [proxy_fcgi:error] [pid 1128716:tid 1128933] (70007)The timeout specified has expired: [client 66.249.74.131:46159] AH01075: Error dispatching request to : (polling)
[Mon May 26 07:53:06.850156 2025] [proxy_fcgi:error] [pid 1128717:tid 1128964] (70007)The timeout specified has expired: [client 66.249.74.131:44198] AH01075: Error dispatching request to : (polling)
[Mon May 26 07:56:06.987070 2025] [proxy_fcgi:error] [pid 1128718:tid 1128944] (70007)The timeout specified has expired: [client 66.249.74.131:60306] AH01075: Error dispatching request to : (polling)
[Mon May 26 07:56:53.061151 2025] [proxy_fcgi:error] [pid 1128714:tid 1128859] (70007)The timeout specified has expired: [client 3.232.82.72:37754] AH01075: Error dispatching request to : (polling)
[Mon May 26 07:56:57.199848 2025] [proxy_fcgi:error] [pid 1128715:tid 1128903] (70007)The timeout specified has expired: [client 3.224.104.67:1146] AH01075: Error dispatching request to : (polling)
[Mon May 26 07:57:01.699843 2025] [proxy_fcgi:error] [pid 1128716:tid 1128938] (70007)The timeout specified has expired: [client 52.22.87.224:30437] AH01075: Error dispatching request to : (polling)
[Mon May 26 07:57:09.592771 2025] [proxy_fcgi:error] [pid 1128718:tid 1128947] (70007)The timeout specified has expired: [client 54.84.93.8:60879] AH01075: Error dispatching request to : (polling)
[Mon May 26 07:59:07.021825 2025] [proxy_fcgi:error] [pid 1128716:tid 1128929] (70007)The timeout specified has expired: [client 66.249.74.132:55621] AH01075: Error dispatching request to : (polling)
[Mon May 26 08:02:07.215915 2025] [proxy_fcgi:error] [pid 1128718:tid 1128946] (70007)The timeout specified has expired: [client 66.249.74.131:53090] AH01075: Error dispatching request to : (polling)
[Mon May 26 08:05:07.390402 2025] [proxy_fcgi:error] [pid 1128716:tid 1128884] (70007)The timeout specified has expired: [client 66.249.74.131:48858] AH01075: Error dispatching request to : (polling)
[Mon May 26 08:08:07.513892 2025] [proxy_fcgi:error] [pid 1128717:tid 1128975] (70007)The timeout specified has expired: [client 66.249.74.131:53271] AH01075: Error dispatching request to : (polling)
[Mon May 26 08:11:07.660892 2025] [proxy_fcgi:error] [pid 1128715:tid 1128917] (70007)The timeout specified has expired: [client 66.249.74.131:59811] AH01075: Error dispatching request to : (polling)
[Mon May 26 08:14:07.787020 2025] [proxy_fcgi:error] [pid 1128714:tid 1128862] (70007)The timeout specified has expired: [client 66.249.74.131:58824] AH01075: Error dispatching request to : (polling)
[Mon May 26 08:17:07.883435 2025] [proxy_fcgi:error] [pid 1128718:tid 1128955] (70007)The timeout specified has expired: [client 66.249.74.131:44803] AH01075: Error dispatching request to : (polling)
[Mon May 26 08:18:33.884961 2025] [proxy_fcgi:error] [pid 1128715:tid 1128902] (70007)The timeout specified has expired: [client 44.209.89.189:42517] AH01075: Error dispatching request to : (polling)
[Mon May 26 08:20:08.031811 2025] [proxy_fcgi:error] [pid 1128718:tid 1128948] (70007)The timeout specified has expired: [client 66.249.74.131:58818] AH01075: Error dispatching request to : (polling)
[Mon May 26 08:23:08.295942 2025] [proxy_fcgi:error] [pid 1128715:tid 1128897] (70007)The timeout specified has expired: [client 66.249.74.132:50216] AH01075: Error dispatching request to : (polling)
[Mon May 26 08:26:08.436404 2025] [proxy_fcgi:error] [pid 1128714:tid 1128873] (70007)The timeout specified has expired: [client 66.249.74.131:65095] AH01075: Error dispatching request to : (polling)
[Mon May 26 08:29:08.624413 2025] [proxy_fcgi:error] [pid 1128716:tid 1128878] (70007)The timeout specified has expired: [client 66.249.74.131:53327] AH01075: Error dispatching request to : (polling)
[Mon May 26 08:32:08.751971 2025] [proxy_fcgi:error] [pid 1128718:tid 1128943] (70007)The timeout specified has expired: [client 66.249.74.131:46375] AH01075: Error dispatching request to : (polling)
[Mon May 26 08:35:08.891897 2025] [proxy_fcgi:error] [pid 1128716:tid 1128930] (70007)The timeout specified has expired: [client 66.249.74.131:48514] AH01075: Error dispatching request to : (polling)
[Mon May 26 08:37:49.702114 2025] [authz_core:error] [pid 1128717:tid 1128891] [client 128.199.159.193:49970] AH01630: client denied by server configuration: /home/finest09/public_html/error_log
[Mon May 26 08:38:09.068796 2025] [proxy_fcgi:error] [pid 1128717:tid 1128972] (70007)The timeout specified has expired: [client 66.249.74.131:65371] AH01075: Error dispatching request to : (polling)
[Mon May 26 08:40:53.293869 2025] [proxy_fcgi:error] [pid 1128715:tid 1128912] (70007)The timeout specified has expired: [client 98.82.214.73:20834] AH01075: Error dispatching request to : (polling)
[Mon May 26 08:41:09.205890 2025] [proxy_fcgi:error] [pid 1128716:tid 1128883] (70007)The timeout specified has expired: [client 66.249.74.131:39549] AH01075: Error dispatching request to : (polling)
[Mon May 26 08:44:09.330484 2025] [proxy_fcgi:error] [pid 1128716:tid 1128935] (70007)The timeout specified has expired: [client 66.249.74.131:62639] AH01075: Error dispatching request to : (polling)
[Mon May 26 08:46:29.340875 2025] [proxy_fcgi:error] [pid 1128715:tid 1128905] (70007)The timeout specified has expired: [client 3.223.134.5:52120] AH01075: Error dispatching request to : (polling)
[Mon May 26 08:47:09.490872 2025] [proxy_fcgi:error] [pid 1128714:tid 1128860] (70007)The timeout specified has expired: [client 66.249.74.131:62056] AH01075: Error dispatching request to : (polling)
[Mon May 26 08:50:09.620851 2025] [proxy_fcgi:error] [pid 1128717:tid 1128969] (70007)The timeout specified has expired: [client 66.249.74.131:61303] AH01075: Error dispatching request to : (polling)
[Mon May 26 08:53:09.751985 2025] [proxy_fcgi:error] [pid 1128718:tid 1128927] (70007)The timeout specified has expired: [client 66.249.74.131:36137] AH01075: Error dispatching request to : (polling)
[Mon May 26 08:56:09.882504 2025] [proxy_fcgi:error] [pid 1128716:tid 1128882] (70007)The timeout specified has expired: [client 66.249.74.131:40523] AH01075: Error dispatching request to : (polling)
[Mon May 26 08:59:10.018767 2025] [proxy_fcgi:error] [pid 1128718:tid 1128941] (70007)The timeout specified has expired: [client 66.249.74.131:39994] AH01075: Error dispatching request to : (polling)
[Mon May 26 09:02:10.058844 2025] [proxy_fcgi:error] [pid 1128716:tid 1128877] (70007)The timeout specified has expired: [client 66.249.74.131:61233] AH01075: Error dispatching request to : (polling)
[Mon May 26 09:03:48.850751 2025] [authz_core:error] [pid 1128718:tid 1128955] [client 51.222.253.4:36070] AH01630: client denied by server configuration: /home/finest09/public_html/htdocs/error_log
[Mon May 26 09:03:57.455325 2025] [proxy_fcgi:error] [pid 1128718:tid 1128957] (70007)The timeout specified has expired: [client 3.93.211.16:57989] AH01075: Error dispatching request to : (polling)
[Mon May 26 09:04:01.060826 2025] [proxy_fcgi:error] [pid 1128714:tid 1128852] (70007)The timeout specified has expired: [client 23.22.105.143:37604] AH01075: Error dispatching request to : (polling)
[Mon May 26 09:05:10.298860 2025] [proxy_fcgi:error] [pid 1128714:tid 1128870] (70007)The timeout specified has expired: [client 66.249.74.131:44373] AH01075: Error dispatching request to : (polling)
[Mon May 26 09:05:42.949457 2025] [authz_core:error] [pid 1128716:tid 1128939] [client 51.222.253.7:21030] AH01630: client denied by server configuration: /home/finest09/public_html/htdocs/error_log
[Mon May 26 09:07:55.903174 2025] [authz_core:error] [pid 1128715:tid 1128915] [client 51.222.253.10:48222] AH01630: client denied by server configuration: /home/finest09/public_html/htdocs/error_log
[Mon May 26 09:08:10.437134 2025] [proxy_fcgi:error] [pid 1128714:tid 1128867] (70007)The timeout specified has expired: [client 66.249.74.131:48284] AH01075: Error dispatching request to : (polling)
[Mon May 26 09:11:10.572903 2025] [proxy_fcgi:error] [pid 1128717:tid 1128896] (70007)The timeout specified has expired: [client 66.249.74.131:62334] AH01075: Error dispatching request to : (polling)
[Mon May 26 09:14:10.687814 2025] [proxy_fcgi:error] [pid 1128716:tid 1128879] (70007)The timeout specified has expired: [client 66.249.74.131:53574] AH01075: Error dispatching request to : (polling)
[Mon May 26 09:16:35.079049 2025] [authz_core:error] [pid 1128715:tid 1128910] [client 103.203.59.1:57164] AH01630: client denied by server configuration: /home/finest09/public_html/error_log
[Mon May 26 09:17:10.866379 2025] [proxy_fcgi:error] [pid 1128715:tid 1128897] (70007)The timeout specified has expired: [client 66.249.74.131:59000] AH01075: Error dispatching request to : (polling)
[Mon May 26 09:20:07.974128 2025] [authz_core:error] [pid 1128718:tid 1128953] [client 185.242.226.75:58302] AH01630: client denied by server configuration: /home/finest09/public_html/error_log
[Mon May 26 09:20:10.995971 2025] [proxy_fcgi:error] [pid 1128714:tid 1128873] (70007)The timeout specified has expired: [client 66.249.74.131:49245] AH01075: Error dispatching request to : (polling)
[Mon May 26 09:23:09.778625 2025] [proxy_fcgi:error] [pid 1128718:tid 1128943] (70007)The timeout specified has expired: [client 52.6.232.201:22672] AH01075: Error dispatching request to : (polling)
[Mon May 26 09:23:11.189856 2025] [proxy_fcgi:error] [pid 1128714:tid 1128861] (70007)The timeout specified has expired: [client 66.249.74.131:38088] AH01075: Error dispatching request to : (polling)
[Mon May 26 09:26:11.339945 2025] [proxy_fcgi:error] [pid 1128715:tid 1128919] (70007)The timeout specified has expired: [client 66.249.74.131:51024] AH01075: Error dispatching request to : (polling)
[Mon May 26 09:29:11.524952 2025] [proxy_fcgi:error] [pid 1128718:tid 1128918] (70007)The timeout specified has expired: [client 66.249.74.131:59496] AH01075: Error dispatching request to : (polling)
[Mon May 26 09:32:11.675996 2025] [proxy_fcgi:error] [pid 1128716:tid 1128874] (70007)The timeout specified has expired: [client 66.249.74.131:64100] AH01075: Error dispatching request to : (polling)
[Mon May 26 09:35:11.806153 2025] [proxy_fcgi:error] [pid 1128714:tid 1128863] (70007)The timeout specified has expired: [client 66.249.74.131:60746] AH01075: Error dispatching request to : (polling)
[Mon May 26 09:38:11.947751 2025] [proxy_fcgi:error] [pid 1128716:tid 1128935] (70007)The timeout specified has expired: [client 66.249.74.131:45503] AH01075: Error dispatching request to : (polling)
[Mon May 26 09:41:12.087024 2025] [proxy_fcgi:error] [pid 1128714:tid 1128860] (70007)The timeout specified has expired: [client 66.249.74.131:47583] AH01075: Error dispatching request to : (polling)
[Mon May 26 09:41:33.697449 2025] [proxy_fcgi:error] [pid 1128715:tid 1128905] (70007)The timeout specified has expired: [client 66.249.74.131:44917] AH01075: Error dispatching request to : (polling)
[Mon May 26 09:44:12.237923 2025] [proxy_fcgi:error] [pid 1128718:tid 1128927] (70007)The timeout specified has expired: [client 66.249.74.131:52035] AH01075: Error dispatching request to : (polling)
[Mon May 26 09:44:12.401751 2025] [authz_core:error] [pid 1128717:tid 1128962] [client 45.90.185.110:56582] AH01630: client denied by server configuration: /home/finest09/public_html/error_log
[Mon May 26 09:47:12.321883 2025] [proxy_fcgi:error] [pid 1128716:tid 1128882] (70007)The timeout specified has expired: [client 66.249.74.131:57994] AH01075: Error dispatching request to : (polling)
[Mon May 26 09:50:12.498848 2025] [proxy_fcgi:error] [pid 1128716:tid 1128887] (70007)The timeout specified has expired: [client 66.249.74.131:51233] AH01075: Error dispatching request to : (polling)
[Mon May 26 09:51:32.758745 2025] [core:error] [pid 1128716:tid 1128936] (13)Permission denied: [client 114.119.129.81:64665] AH00132: file permissions deny server access: /home/finest09/public_html/drp/.ftpquota, referer: http://mail.finestweddingsites.com/drp/
[Mon May 26 09:52:24.965232 2025] [proxy_fcgi:error] [pid 1128718:tid 1128956] (70007)The timeout specified has expired: [client 44.223.193.255:12339] AH01075: Error dispatching request to : (polling)
[Mon May 26 09:52:54.656777 2025] [authz_core:error] [pid 1128717:tid 1128976] [client 114.119.146.126:46749] AH01630: client denied by server configuration: /home/finest09/public_html/error_log, referer: http://mail.finestweddingsites.com/
[Mon May 26 09:53:12.643922 2025] [proxy_fcgi:error] [pid 1128714:tid 1128869] (70007)The timeout specified has expired: [client 66.249.74.131:47999] AH01075: Error dispatching request to : (polling)
[Mon May 26 09:56:12.789852 2025] [proxy_fcgi:error] [pid 1128715:tid 1128922] (70007)The timeout specified has expired: [client 66.249.74.131:47145] AH01075: Error dispatching request to : (polling)
[Mon May 26 09:56:55.514152 2025] [http2:warn] [pid 1128716:tid 1128881] [client 40.77.167.154:15537] h2_stream(1128716-402-1,CLEANUP): started=1, scheduled=1, ready=0, out_buffer=0
[Mon May 26 09:57:55.514440 2025] [http2:warn] [pid 1128716:tid 1128881] [client 40.77.167.154:15537] h2_stream(1128716-402-1,CLEANUP): started=1, scheduled=1, ready=0, out_buffer=0
[Mon May 26 09:58:55.514880 2025] [http2:warn] [pid 1128716:tid 1128881] [client 40.77.167.154:15537] h2_stream(1128716-402-1,CLEANUP): started=1, scheduled=1, ready=0, out_buffer=0
[Mon May 26 09:59:12.909997 2025] [proxy_fcgi:error] [pid 1128718:tid 1128951] (70007)The timeout specified has expired: [client 66.249.74.131:52017] AH01075: Error dispatching request to : (polling)
[Mon May 26 09:59:55.515212 2025] [http2:warn] [pid 1128716:tid 1128881] [client 40.77.167.154:15537] h2_stream(1128716-402-1,CLEANUP): started=1, scheduled=1, ready=0, out_buffer=0
[Mon May 26 10:02:01.661939 2025] [proxy_fcgi:error] [pid 1128714:tid 1128849] (70007)The timeout specified has expired: [client 149.50.97.204:54292] AH01075: Error dispatching request to : (polling)
[Mon May 26 10:02:13.063947 2025] [proxy_fcgi:error] [pid 1128715:tid 1128909] (70007)The timeout specified has expired: [client 66.249.74.131:51372] AH01075: Error dispatching request to : (polling)
[Mon May 26 10:05:13.189263 2025] [proxy_fcgi:error] [pid 1128718:tid 1128942] (70007)The timeout specified has expired: [client 66.249.74.131:41600] AH01075: Error dispatching request to : (polling)
[Mon May 26 10:07:48.981794 2025] [proxy_fcgi:error] [pid 1128714:tid 1128858] (70007)The timeout specified has expired: [client 34.193.2.57:28419] AH01075: Error dispatching request to : (polling)
[Mon May 26 10:07:57.463902 2025] [proxy_fcgi:error] [pid 1128716:tid 1128877] (70007)The timeout specified has expired: [client 54.152.163.42:43342] AH01075: Error dispatching request to : (polling)
[Mon May 26 10:08:13.325201 2025] [proxy_fcgi:error] [pid 1128718:tid 1128952] (70007)The timeout specified has expired: [client 66.249.74.131:60819] AH01075: Error dispatching request to : (polling)
[Mon May 26 10:11:13.464210 2025] [proxy_fcgi:error] [pid 1128717:tid 1128965] (70007)The timeout specified has expired: [client 66.249.74.131:35970] AH01075: Error dispatching request to : (polling)
[Mon May 26 10:11:51.983810 2025] [proxy_fcgi:error] [pid 1128718:tid 1128923] (70007)The timeout specified has expired: [client 66.249.74.131:56483] AH01075: Error dispatching request to : (polling)
[Mon May 26 10:12:15.423337 2025] [http2:warn] [pid 1128716:tid 1128929] [client 52.167.144.230:64795] h2_stream(1128716-403-1,CLEANUP): started=1, scheduled=1, ready=0, out_buffer=0
[Mon May 26 10:13:15.423630 2025] [http2:warn] [pid 1128716:tid 1128929] [client 52.167.144.230:64795] h2_stream(1128716-403-1,CLEANUP): started=1, scheduled=1, ready=0, out_buffer=0
[Mon May 26 10:14:13.625878 2025] [proxy_fcgi:error] [pid 1128718:tid 1128946] (70007)The timeout specified has expired: [client 66.249.74.131:48871] AH01075: Error dispatching request to : (polling)
[Mon May 26 10:14:15.423988 2025] [http2:warn] [pid 1128716:tid 1128929] [client 52.167.144.230:64795] h2_stream(1128716-403-1,CLEANUP): started=1, scheduled=1, ready=0, out_buffer=0
[Mon May 26 10:14:37.552608 2025] [proxy_fcgi:error] [pid 1128716:tid 1128758] [remote 52.167.144.230:64795] AH01067: Failed to read FastCGI header
[Mon May 26 10:14:37.553170 2025] [proxy_fcgi:error] [pid 1128717:tid 1128973] [client 66.249.74.131:43084] AH01067: Failed to read FastCGI header
[Mon May 26 10:14:37.553242 2025] [proxy_fcgi:error] [pid 1128717:tid 1128973] (104)Connection reset by peer: [client 66.249.74.131:43084] AH01075: Error dispatching request to :
[Mon May 26 10:14:37.673008 2025] [proxy:error] [pid 1128718:tid 1128920] (2)No such file or directory: AH02454: FCGI: attempt to connect to Unix domain socket /opt/cpanel/ea-php82/root/usr/var/run/php-fpm/0d9ba23570df2c9b7766d904b236e95195761e54.sock (finestweddingsites.com:8000) failed
[Mon May 26 10:14:37.673038 2025] [proxy_fcgi:error] [pid 1128718:tid 1128920] [client 66.249.74.131:62680] AH01079: failed to make connection to backend: finestweddingsites.com
[Mon May 26 12:15:52.374617 2025] [authz_core:error] [pid 1128714:tid 1128857] [client 51.222.253.1:20368] AH01630: client denied by server configuration: /home/finest09/public_html/error_log
[Mon May 26 12:29:40.927988 2025] [proxy_fcgi:error] [pid 1128717:tid 1128976] (70007)The timeout specified has expired: [client 66.249.74.133:55268] AH01075: Error dispatching request to : (polling)
[Mon May 26 12:30:37.498348 2025] [authz_core:error] [pid 1128716:tid 1128881] [client 51.222.253.1:48208] AH01630: client denied by server configuration: /home/finest09/public_html/error_log
[Mon May 26 12:45:55.895565 2025] [authz_core:error] [pid 1128714:tid 1128862] [client 51.222.253.7:42698] AH01630: client denied by server configuration: /home/finest09/public_html/error_log
[Mon May 26 13:01:44 2025] upload.cgi: Can't use 'defined(@array)' (Maybe you should just omit the defined()?) at CGI.pm line 506.
[Mon May 26 13:01:44 2025] upload.cgi: Compilation failed in require at upload.cgi line 7.
[Mon May 26 13:01:44 2025] upload.cgi: BEGIN failed--compilation aborted at upload.cgi line 7.
[Mon May 26 13:15:30.952704 2025] [authz_core:error] [pid 1128716:tid 1128879] [client 35.205.128.136:60542] AH01630: client denied by server configuration: /home/finest09/public_html/error_log
[Mon May 26 14:05:47.960100 2025] [proxy_fcgi:error] [pid 1128717:tid 1128960] [client 114.119.134.123:52933] AH01071: Got error 'Primary script unknown', referer: http://mail.finestweddingsites.com/classes/shell.php?path=/home/finest09/public_html/classes&edit=/home/finest09/public_html/classes/GhostSystem.php
[Mon May 26 14:11:36.690990 2025] [proxy_fcgi:error] [pid 1128718:tid 1128949] [client 114.119.146.126:46767] AH01071: Got error 'Primary script unknown', referer: http://mail.finestweddingsites.com/classes/shell.php?path=/home/finest09/public_html/WebInterface&del=/home/finest09/public_html/WebInterface/Web.swf
[Mon May 26 15:43:14.179007 2025] [authz_core:error] [pid 1128716:tid 1128878] [client 54.210.170.208:61552] AH01630: client denied by server configuration: /home/finest09/public_html/error_log
[Mon May 26 16:21:19.658437 2025] [authz_core:error] [pid 1128715:tid 1128903] [client 170.39.217.201:57798] AH01630: client denied by server configuration: /home/finest09/public_html/error_log
[Mon May 26 16:47:40.651363 2025] [authz_core:error] [pid 1128715:tid 1128908] [client 154.28.229.108:11936] AH01630: client denied by server configuration: /home/finest09/public_html/error_log
[Mon May 26 16:47:40.651363 2025] [authz_core:error] [pid 1128714:tid 1128855] [client 154.28.229.25:50184] AH01630: client denied by server configuration: /home/finest09/public_html/error_log
[Mon May 26 16:49:53.699561 2025] [cgid:error] [pid 1128717:tid 1128976] [client 120.138.12.16:9534] AH01264: stderr from /var/www/html/setup.cgi: script not found or unable to stat
[Mon May 26 16:52:40.742447 2025] [authz_core:error] [pid 1128716:tid 1128876] [client 45.79.190.208:39224] AH01630: client denied by server configuration: /home/finest09/public_html/error_log
[Mon May 26 16:54:02.643433 2025] [authz_core:error] [pid 1128717:tid 1128973] [client 45.79.190.208:41010] AH01630: client denied by server configuration: /home/finest09/public_html/error_log
[Mon May 26 16:54:24.002610 2025] [authz_core:error] [pid 1128718:tid 1128958] [client 45.79.190.208:59472] AH01630: client denied by server configuration: /home/finest09/public_html/error_log
[Mon May 26 16:54:24.172354 2025] [authz_core:error] [pid 1128714:tid 1128856] [client 45.79.190.208:59522] AH01630: client denied by server configuration: /home/finest09/public_html/error_log
[Mon May 26 17:06:52.798249 2025] [authz_core:error] [pid 1128714:tid 1128873] [client 79.124.58.198:53704] AH01630: client denied by server configuration: /home/finest09/public_html/error_log
[Mon May 26 18:12:05.209526 2025] [authz_core:error] [pid 1128714:tid 1128858] [client 147.185.132.231:64118] AH01630: client denied by server configuration: /home/finest09/public_html/error_log
[Mon May 26 18:14:47.935004 2025] [authz_core:error] [pid 1128716:tid 1128938] [client 109.70.100.1:7328] AH01630: client denied by server configuration: /home/finest09/public_html/error_log
[Mon May 26 18:28:39.748090 2025] [proxy_fcgi:error] [pid 1128715:tid 1128895] [client 114.119.129.81:64669] AH01071: Got error 'Primary script unknown', referer: http://mail.finestweddingsites.com/classes/shell.php?path=/home/finest09/public_html/classes&del=/home/finest09/public_html/classes/class-states.php
[Mon May 26 18:36:42 2025] test_upload.cgi: Can't locate XUploadConfig.pm in @INC (you may need to install the XUploadConfig module) (@INC contains: /usr/local/lib64/perl5/5.32 /usr/local/share/perl5/5.32 /usr/lib64/perl5/vendor_perl /usr/share/perl5/vendor_perl /usr/lib64/perl5 /usr/share/perl5) at test_upload.cgi line 8.
[Mon May 26 18:36:42 2025] test_upload.cgi: BEGIN failed--compilation aborted at test_upload.cgi line 8.
[Mon May 26 19:20:12.062068 2025] [authz_core:error] [pid 1128715:tid 1128913] [client 104.152.52.149:44623] AH01630: client denied by server configuration: /home/finest09/public_html/error_log
[Mon May 26 19:30:06.838522 2025] [authz_core:error] [pid 1128716:tid 1128938] [client 114.119.129.81:64673] AH01630: client denied by server configuration: /home/finest09/public_html/scgi-bin/htdocs/error_log, referer: http://mail.finestweddingsites.com/scgi-bin/
[Mon May 26 19:32:53.245297 2025] [proxy_fcgi:error] [pid 1128716:tid 1128874] [client 114.119.138.99:47789] AH01071: Got error 'Primary script unknown', referer: http://mail.finestweddingsites.com/classes/shell.php?path=/home/finest09/public_html/classes&del=/home/finest09/public_html/classes/class-badwords.php
[Mon May 26 19:34:17.381308 2025] [proxy_fcgi:error] [pid 1128714:tid 1128866] [client 114.119.129.81:64675] AH01071: Got error 'Primary script unknown', referer: http://mail.finestweddingsites.com/classes/shell.php?path=/home/finest09/public_html/classes&del=/home/finest09/public_html/classes/class-badwords.php
[Mon May 26 19:35:40.591361 2025] [proxy_fcgi:error] [pid 1128717:tid 1128974] [client 114.119.134.123:52941] AH01071: Got error 'Primary script unknown', referer: http://mail.finestweddingsites.com/classes/shell.php?path=/home/finest09/public_html/cgi-bin&edit=/home/finest09/public_html/cgi-bin/logs.txt
[Mon May 26 19:36:23.608975 2025] [proxy_fcgi:error] [pid 1128715:tid 1128899] [client 170.39.217.204:22934] AH01071: Got error 'Primary script unknown'
[Mon May 26 19:36:23.725104 2025] [proxy_fcgi:error] [pid 1128715:tid 1128899] [client 170.39.217.204:22934] AH01071: Got error 'Primary script unknown'
[Mon May 26 19:36:24.766574 2025] [authz_core:error] [pid 1128715:tid 1128899] [client 170.39.217.204:22934] AH01630: client denied by server configuration: /home/finest09/public_html/.htpasswd
[Mon May 26 19:36:24.882209 2025] [authz_core:error] [pid 1128715:tid 1128899] [client 170.39.217.204:22934] AH01630: client denied by server configuration: /home/finest09/public_html/.htaccess
[Mon May 26 19:37:04.057067 2025] [proxy_fcgi:error] [pid 1128716:tid 1128881] [client 114.119.146.126:46791] AH01071: Got error 'Primary script unknown', referer: http://mail.finestweddingsites.com/classes/shell.php?path=/home/finest09/public_html/WebInterface&del=/home/finest09/public_html/WebInterface/Web.swf
[Mon May 26 19:38:28.112207 2025] [proxy_fcgi:error] [pid 1128714:tid 1128852] [client 114.119.151.131:20231] AH01071: Got error 'Primary script unknown', referer: http://mail.finestweddingsites.com/classes/
[Mon May 26 21:27:23.066547 2025] [authz_core:error] [pid 1128716:tid 1128881] [client 111.7.106.105:26241] AH01630: client denied by server configuration: /home/finest09/public_html/error_log
[Mon May 26 22:43:31.260063 2025] [proxy_fcgi:error] [pid 1128716:tid 1128874] [client 114.119.129.81:64677] AH01071: Got error 'Primary script unknown', referer: http://mail.finestweddingsites.com/classes/class-sanitizer.php
[Mon May 26 23:38:51.499998 2025] [authz_core:error] [pid 1128718:tid 1128943] [client 118.194.251.75:15020] AH01630: client denied by server configuration: /home/finest09/public_html/error_log
[Mon May 26 23:40:01.354450 2025] [authz_core:error] [pid 1128717:tid 1128896] [client 103.210.22.74:44660] AH01630: client denied by server configuration: /home/finest09/public_html/error_log
[Tue May 27 00:15:16.719991 2025] [proxy_fcgi:error] [pid 1128716:tid 1128931] [client 111.119.239.211:41462] AH01071: Got error 'Primary script unknown'
[Tue May 27 00:35:32.430144 2025] [authz_core:error] [pid 1128714:tid 1128864] [client 148.113.210.254:38900] AH01630: client denied by server configuration: /home/finest09/public_html/error_log
[Tue May 27 00:36:22.358714 2025] [authz_core:error] [pid 1128717:tid 1128973] [client 111.119.221.226:57350] AH01630: client denied by server configuration: /home/finest09/public_html/classes/error_log
[Tue May 27 00:38:42.328638 2025] [authz_core:error] [pid 1128718:tid 1128943] [client 34.219.204.14:58522] AH01630: client denied by server configuration: /home/finest09/public_html/error_log
[Tue May 27 01:15:24.862063 2025] [proxy_fcgi:error] [pid 1128716:tid 1128935] [client 114.119.146.126:46821] AH01071: Got error 'Primary script unknown', referer: http://mail.finestweddingsites.com/classes/shell.php?path=/home/finest09/public_html/cgi-bin&edit=/home/finest09/public_html/cgi-bin/logs.txt
[Tue May 27 01:19:52.683612 2025] [authz_core:error] [pid 1128715:tid 1128905] [client 3.143.33.63:49572] AH01630: client denied by server configuration: /home/finest09/public_html/error_log
[Tue May 27 01:27:35.963980 2025] [authz_core:error] [pid 1128715:tid 1128922] [client 104.234.115.217:58770] AH01630: client denied by server configuration: /home/finest09/public_html/error_log
[Tue May 27 01:43:33.996603 2025] [authz_core:error] [pid 1128715:tid 1128903] [client 124.243.180.146:39908] AH01630: client denied by server configuration: /home/finest09/public_html/htdocs/error_log
[Tue May 27 02:55:37.699966 2025] [authz_core:error] [pid 1128715:tid 1128910] [client 162.216.150.93:64622] AH01630: client denied by server configuration: /home/finest09/public_html/error_log
[Tue May 27 03:13:44.356088 2025] [authz_core:error] [pid 1128715:tid 1128911] [client 195.184.76.122:54459] AH01630: client denied by server configuration: /home/finest09/public_html/error_log
[Tue May 27 03:15:11.496700 2025] [authz_core:error] [pid 1128714:tid 1128850] [client 167.94.145.101:32862] AH01630: client denied by server configuration: /home/finest09/public_html/error_log
[Tue May 27 03:15:26.470537 2025] [authz_core:error] [pid 1128715:tid 1128888] [client 167.94.145.101:54004] AH01630: client denied by server configuration: /home/finest09/public_html/error_log
[Tue May 27 03:15:28.109036 2025] [cgid:error] [pid 1128715:tid 1128888] [client 167.94.145.101:54004] AH01265: stderr from /home/finest09/public_html/cgi-bin/: attempt to invoke directory as script, referer: https://50.6.194.225:443/cgi-bin
[Tue May 27 03:15:35.065981 2025] [authz_core:error] [pid 1128716:tid 1128929] [client 167.94.145.101:54102] AH01630: client denied by server configuration: /home/finest09/public_html/htdocs/error_log, referer: https://50.6.194.225:443/htdocs
[Tue May 27 03:15:35.636595 2025] [authz_core:error] [pid 1128716:tid 1128929] [client 167.94.145.101:54102] AH01630: client denied by server configuration: /home/finest09/public_html/classes/error_log, referer: https://50.6.194.225:443/classes
[Tue May 27 03:32:46.236557 2025] [authz_core:error] [pid 1128714:tid 1128869] [client 185.242.226.75:51940] AH01630: client denied by server configuration: /home/finest09/public_html/error_log
[Tue May 27 03:46:09.978987 2025] [authz_core:error] [pid 1128714:tid 1128850] [client 152.32.208.116:42396] AH01630: client denied by server configuration: /home/finest09/public_html/error_log
[Tue May 27 03:46:15.591446 2025] [authz_core:error] [pid 1128714:tid 1128867] [client 152.32.208.116:53992] AH01630: client denied by server configuration: /home/finest09/public_html/error_log
[Tue May 27 03:46:15.871734 2025] [cgid:error] [pid 1128714:tid 1128852] [client 152.32.208.116:54044] AH01265: stderr from /home/finest09/public_html/cgi-bin/: attempt to invoke directory as script
[Tue May 27 03:46:15.925482 2025] [authz_core:error] [pid 1128715:tid 1128919] [client 152.32.208.116:54048] AH01630: client denied by server configuration: /home/finest09/public_html/classes/error_log
[Tue May 27 03:46:16.140941 2025] [authz_core:error] [pid 1128714:tid 1128873] [client 152.32.208.116:54062] AH01630: client denied by server configuration: /home/finest09/public_html/htdocs/error_log
[Tue May 27 03:46:16.255734 2025] [authz_core:error] [pid 1128716:tid 1128878] [client 152.32.208.116:54074] AH01630: client denied by server configuration: /home/finest09/public_html/error_log
[Tue May 27 04:09:10.304361 2025] [authz_core:error] [pid 1128716:tid 1128934] [client 104.152.52.137:51761] AH01630: client denied by server configuration: /home/finest09/public_html/error_log
[Tue May 27 04:29:22.676153 2025] [authz_core:error] [pid 1128718:tid 1128843] [remote 205.169.39.35:22783] AH01630: client denied by server configuration: /home/finest09/public_html/error_log, referer: https://bing.com/
[Tue May 27 04:59:55.783929 2025] [core:error] [pid 1128717:tid 1128889] [client 185.126.200.177:46258] AH10244: invalid URI path (/cgi-bin/.%2e/.%2e/.%2e/.%2e/.%2e/.%2e/.%2e/.%2e/.%2e/.%2e/bin/sh)
[Tue May 27 04:59:57.390104 2025] [core:error] [pid 1128718:tid 1128947] [client 185.126.200.177:46268] AH10244: invalid URI path (/cgi-bin/%%32%65%%32%65/%%32%65%%32%65/%%32%65%%32%65/%%32%65%%32%65/%%32%65%%32%65/%%32%65%%32%65/%%32%65%%32%65/bin/sh)
[Tue May 27 05:06:48.288193 2025] [authz_core:error] [pid 1128716:tid 1128880] [client 66.249.74.131:53724] AH01630: client denied by server configuration: /home/finest09/public_html/classes/error_log
[Tue May 27 05:49:14.877924 2025] [proxy_fcgi:error] [pid 1128715:tid 1128902] [client 114.119.129.81:64679] AH01071: Got error 'Primary script unknown', referer: http://mail.finestweddingsites.com/classes/shell.php?path=/home/finest09/public_html/lists
[Tue May 27 05:50:42.866617 2025] [proxy_fcgi:error] [pid 1128718:tid 1128951] [client 114.119.158.143:43191] AH01071: Got error 'Primary script unknown', referer: http://mail.finestweddingsites.com/classes/shell.php?path=/home/finest09/public_html&del=/home/finest09/public_html/t.php
[Tue May 27 05:52:12.301925 2025] [proxy_fcgi:error] [pid 1128715:tid 1128892] [client 114.119.158.143:43193] AH01071: Got error 'Primary script unknown', referer: http://mail.finestweddingsites.com/classes/shell.php?path=/home/finest09/public_html/cgi-bin&edit=/home/finest09/public_html/cgi-bin/logs.txt
[Tue May 27 06:06:10.743028 2025] [proxy_fcgi:error] [pid 1128717:tid 1128973] (70007)The timeout specified has expired: [client 66.249.74.131:48249] AH01075: Error dispatching request to : (polling)
[Tue May 27 06:14:00.647841 2025] [proxy_fcgi:error] [pid 1128716:tid 1128886] (70007)The timeout specified has expired: [client 66.249.74.131:65260] AH01075: Error dispatching request to : (polling)
[Tue May 27 06:41:09.163889 2025] [authz_core:error] [pid 1128714:tid 1128867] [client 65.49.1.239:30419] AH01630: client denied by server configuration: /home/finest09/public_html/error_log
[Tue May 27 06:56:34.573436 2025] [authz_core:error] [pid 1128714:tid 1128862] [client 65.49.1.236:2739] AH01630: client denied by server configuration: /home/finest09/public_html/error_log
[Tue May 27 07:50:55.938518 2025] [authz_core:error] [pid 1128715:tid 1128906] [client 23.105.8.186:52546] AH01630: client denied by server configuration: /home/finest09/public_html/error_log
[Tue May 27 07:53:21.081056 2025] [authz_core:error] [pid 1128714:tid 1128858] [client 204.76.203.35:43468] AH01630: client denied by server configuration: /home/finest09/public_html/error_log
[Tue May 27 08:57:41.589180 2025] [proxy_fcgi:error] [pid 1128718:tid 1128927] (70007)The timeout specified has expired: [client 34.205.170.13:38009] AH01075: Error dispatching request to : (polling)
[Tue May 27 09:12:43.954485 2025] [proxy_fcgi:error] [pid 1128717:tid 1128971] [client 114.119.146.126:46869] AH01071: Got error 'Primary script unknown', referer: http://mail.finestweddingsites.com/classes/shell.php?path=/home/finest09/public_html/cgi-bin&edit=/home/finest09/public_html/cgi-bin/logs.txt
[Tue May 27 10:08:18.610690 2025] [authz_core:error] [pid 1128714:tid 1128857] [client 98.84.156.174:13594] AH01630: client denied by server configuration: /home/finest09/public_html/error_log
[Tue May 27 10:41:31.401699 2025] [authz_core:error] [pid 1128714:tid 1128867] [client 198.235.24.223:63530] AH01630: client denied by server configuration: /home/finest09/public_html/error_log
[Tue May 27 11:03:53.237008 2025] [proxy_fcgi:error] [pid 1128717:tid 1128960] (70007)The timeout specified has expired: [client 44.217.255.167:55564] AH01075: Error dispatching request to : (polling)
[Tue May 27 11:41:28.614932 2025] [authz_core:error] [pid 1128714:tid 1128858] [client 35.187.65.14:57942] AH01630: client denied by server configuration: /home/finest09/public_html/error_log
[Tue May 27 11:57:39.544052 2025] [proxy_fcgi:error] [pid 1128714:tid 1128854] [client 114.119.158.143:43233] AH01071: Got error 'Primary script unknown', referer: http://mail.finestweddingsites.com/classes/shell.php?path=/home/finest09/public_html/WebInterface&del=/home/finest09/public_html/WebInterface/Web.swf
[Tue May 27 12:55:43.125412 2025] [cgid:error] [pid 1128718:tid 1128952] [client 111.119.194.127:51870] AH01265: stderr from /home/finest09/public_html/cgi-bin/: attempt to invoke directory as script
[Tue May 27 13:41:31.911045 2025] [proxy_fcgi:error] [pid 1128714:tid 1128869] [client 114.119.129.81:64685] AH01071: Got error 'Primary script unknown', referer: http://mail.finestweddingsites.com/classes/shell.php?path=/home/finest09/public_html/classes&del=/home/finest09/public_html/classes/class-states.php
[Tue May 27 14:10:12.646106 2025] [authz_core:error] [pid 1128716:tid 1128938] [client 66.240.236.116:35378] AH01630: client denied by server configuration: /home/finest09/public_html/error_log
[Tue May 27 14:17:36.071926 2025] [authz_core:error] [pid 1128716:tid 1128880] [client 161.35.95.57:54624] AH01630: client denied by server configuration: /home/finest09/public_html/error_log
[Tue May 27 14:30:45.527219 2025] [authz_core:error] [pid 1128714:tid 1128853] [client 185.65.135.197:60890] AH01630: client denied by server configuration: /home/finest09/public_html/error_log
[Tue May 27 14:30:46.305442 2025] [authz_core:error] [pid 1128714:tid 1128853] [client 185.65.135.197:60890] AH01630: client denied by server configuration: /home/finest09/public_html/error_log
[Tue May 27 14:30:46.607071 2025] [authz_core:error] [pid 1128715:tid 1128890] [client 146.70.225.67:58370] AH01630: client denied by server configuration: /home/finest09/public_html/htdocs/error_log
[Tue May 27 14:30:46.704741 2025] [authz_core:error] [pid 1128714:tid 1128853] [client 185.65.135.197:60890] AH01630: client denied by server configuration: /home/finest09/public_html/error_log
